Last updated on 2025-10-22 05:51:09 CEST.
Flavor | Version | Tinstall | Tcheck | Ttotal | Status | Flags |
---|---|---|---|---|---|---|
r-devel-linux-x86_64-debian-clang | 0.1.1 | 7.40 | 76.03 | 83.43 | NOTE | |
r-devel-linux-x86_64-debian-gcc | 0.1.1 | 5.56 | 55.15 | 60.71 | NOTE | |
r-devel-linux-x86_64-fedora-clang | 0.1.1 | 23.00 | 110.68 | 133.68 | OK | |
r-devel-linux-x86_64-fedora-gcc | 0.1.1 | 17.00 | 118.39 | 135.39 | OK | |
r-devel-windows-x86_64 | 0.1.1 | 9.00 | 126.00 | 135.00 | OK | |
r-patched-linux-x86_64 | 0.1.1 | 6.75 | 70.26 | 77.01 | OK | |
r-release-linux-x86_64 | 0.1.1 | 8.18 | 70.10 | 78.28 | OK | |
r-release-macos-arm64 | 0.1.1 | 3.00 | 108.00 | 111.00 | OK | |
r-release-macos-x86_64 | 0.1.1 | 4.00 | 106.00 | 110.00 | OK | |
r-release-windows-x86_64 | 0.1.1 | 10.00 | 128.00 | 138.00 | OK | |
r-oldrel-macos-arm64 | 0.1.1 | 3.00 | 102.00 | 105.00 | OK | |
r-oldrel-macos-x86_64 | 0.1.1 | 5.00 | 130.00 | 135.00 | OK | |
r-oldrel-windows-x86_64 | 0.1.1 | 11.00 | 146.00 | 157.00 | OK |
Version: 0.1.1
Check: HTML version of manual
Result: NOTE
Found the following HTML validation problems:
finna_as_json.html:49:1 (finna_as_json.Rd:13): Warning: missing </ul> before </div>
Flavors: r-devel-linux-x86_64-debian-clang, r-devel-linux-x86_64-debian-gcc