Last updated on 2025-10-22 05:51:09 CEST.
Flavor | Version | Tinstall | Tcheck | Ttotal | Status | Flags |
---|---|---|---|---|---|---|
r-devel-linux-x86_64-debian-clang | 0.1.0 | 3.96 | 37.08 | 41.04 | NOTE | |
r-devel-linux-x86_64-debian-gcc | 0.1.0 | 3.37 | 30.03 | 33.40 | NOTE | |
r-devel-linux-x86_64-fedora-clang | 0.1.0 | 13.00 | 51.48 | 64.48 | OK | |
r-devel-linux-x86_64-fedora-gcc | 0.1.0 | 59.75 | OK | |||
r-devel-windows-x86_64 | 0.1.0 | 7.00 | 53.00 | 60.00 | OK | |
r-patched-linux-x86_64 | 0.1.0 | 4.77 | 34.85 | 39.62 | OK | |
r-release-linux-x86_64 | 0.1.0 | 4.44 | 34.77 | 39.21 | OK | |
r-release-macos-arm64 | 0.1.0 | 2.00 | 22.00 | 24.00 | OK | |
r-release-macos-x86_64 | 0.1.0 | 4.00 | 38.00 | 42.00 | OK | |
r-release-windows-x86_64 | 0.1.0 | 7.00 | 53.00 | 60.00 | OK | |
r-oldrel-macos-arm64 | 0.1.0 | 3.00 | 24.00 | 27.00 | OK | |
r-oldrel-macos-x86_64 | 0.1.0 | 4.00 | 33.00 | 37.00 | OK | |
r-oldrel-windows-x86_64 | 0.1.0 | 9.00 | 64.00 | 73.00 | OK |
Version: 0.1.0
Check: HTML version of manual
Result: NOTE
Found the following HTML validation problems:
FireSale.html:163:1 (FireSale.Rd:104): Warning: <h5> anchor "Usage" already defined
FireSale.html:169:1 (FireSale.Rd:108): Warning: <h5> anchor "Arguments" already defined
FireSale.html:193:1 (FireSale.Rd:122): Warning: <h5> anchor "Usage" already defined
FireSale.html:199:1 (FireSale.Rd:126): Warning: <h5> anchor "Arguments" already defined
FireSale.html:225:1 (FireSale.Rd:142): Warning: <h5> anchor "Usage" already defined
FireSale.html:231:1 (FireSale.Rd:146): Warning: <h5> anchor "Arguments" already defined
FireSale.html:260:1 (FireSale.Rd:165): Warning: <h5> anchor "Usage" already defined
FireSale.html:266:1 (FireSale.Rd:169): Warning: <h5> anchor "Arguments" already defined
FireSale.html:291:1 (FireSale.Rd:184): Warning: <h5> anchor "Usage" already defined
FireSale.html:297:1 (FireSale.Rd:188): Warning: <h5> anchor "Arguments" already defined
Flavors: r-devel-linux-x86_64-debian-clang, r-devel-linux-x86_64-debian-gcc