Last updated on 2025-10-22 05:51:09 CEST.
Flavor | Version | Tinstall | Tcheck | Ttotal | Status | Flags |
---|---|---|---|---|---|---|
r-devel-linux-x86_64-debian-clang | 1.2-3.1 | 2.74 | 43.20 | 45.94 | NOTE | |
r-devel-linux-x86_64-debian-gcc | 1.2-3.1 | 2.13 | 30.49 | 32.62 | NOTE | |
r-devel-linux-x86_64-fedora-clang | 1.2-3.1 | 74.93 | OK | |||
r-devel-linux-x86_64-fedora-gcc | 1.2-3.1 | 68.83 | OK | |||
r-devel-windows-x86_64 | 1.2-3.1 | 5.00 | 58.00 | 63.00 | OK | |
r-patched-linux-x86_64 | 1.2-3.1 | 3.13 | 40.91 | 44.04 | OK | |
r-release-linux-x86_64 | 1.2-3.1 | 2.37 | 42.16 | 44.53 | OK | |
r-release-macos-arm64 | 1.2-3.1 | 2.00 | 24.00 | 26.00 | OK | |
r-release-macos-x86_64 | 1.2-3.1 | 4.00 | 44.00 | 48.00 | OK | |
r-release-windows-x86_64 | 1.2-3.1 | 6.00 | 59.00 | 65.00 | OK | |
r-oldrel-macos-arm64 | 1.2-3.1 | 2.00 | 29.00 | 31.00 | OK | |
r-oldrel-macos-x86_64 | 1.2-3.1 | 3.00 | 49.00 | 52.00 | OK | |
r-oldrel-windows-x86_64 | 1.2-3.1 | 6.00 | 72.00 | 78.00 | OK |
Version: 1.2-3.1
Check: HTML version of manual
Result: NOTE
Found the following HTML validation problems:
plot.plcfit.html:177:1 (plot.plcfit.Rd:82): Warning: missing </ul> before </div>
Flavors: r-devel-linux-x86_64-debian-clang, r-devel-linux-x86_64-debian-gcc