CRAN Package Check Results for Package flagr

Last updated on 2025-10-22 05:51:09 CEST.

Flavor Version Tinstall Tcheck Ttotal Status Flags
r-devel-linux-x86_64-debian-clang 0.3.2 1.68 32.93 34.61 NOTE
r-devel-linux-x86_64-debian-gcc 0.3.2 1.33 26.27 27.60 NOTE
r-devel-linux-x86_64-fedora-clang 0.3.2 51.98 OK
r-devel-linux-x86_64-fedora-gcc 0.3.2 61.56 OK
r-devel-windows-x86_64 0.3.2 3.00 62.00 65.00 OK
r-patched-linux-x86_64 0.3.2 1.77 30.22 31.99 OK
r-release-linux-x86_64 0.3.2 1.51 30.72 32.23 OK
r-release-macos-arm64 0.3.2 1.00 29.00 30.00 OK
r-release-macos-x86_64 0.3.2 2.00 46.00 48.00 OK
r-release-windows-x86_64 0.3.2 4.00 63.00 67.00 OK
r-oldrel-macos-arm64 0.3.2 1.00 27.00 28.00 OK
r-oldrel-macos-x86_64 0.3.2 2.00 39.00 41.00 OK
r-oldrel-windows-x86_64 0.3.2 5.00 66.00 71.00 OK

Check Details

Version: 0.3.2
Check: CRAN incoming feasibility
Result: NOTE Maintainer: ‘Mátyás Mészáros <matyas.meszaros@ec.europa.eu>’ Found the following (possibly) invalid file URI: URI: vignettes/flagr_introduction.pdf From: README.md Flavors: r-devel-linux-x86_64-debian-clang, r-devel-linux-x86_64-debian-gcc