CRAN Package Check Results for Package flatxml

Last updated on 2025-10-22 05:51:09 CEST.

Flavor Version Tinstall Tcheck Ttotal Status Flags
r-devel-linux-x86_64-debian-clang 0.1.1 2.61 39.55 42.16 OK
r-devel-linux-x86_64-debian-gcc 0.1.1 1.86 27.93 29.79 OK
r-devel-linux-x86_64-fedora-clang 0.1.1 64.47 NOTE
r-devel-linux-x86_64-fedora-gcc 0.1.1 59.61 NOTE
r-devel-windows-x86_64 0.1.1 4.00 62.00 66.00 OK
r-patched-linux-x86_64 0.1.1 2.44 37.48 39.92 OK
r-release-linux-x86_64 0.1.1 2.13 37.60 39.73 OK
r-release-macos-arm64 0.1.1 1.00 22.00 23.00 OK
r-release-macos-x86_64 0.1.1 2.00 40.00 42.00 OK
r-release-windows-x86_64 0.1.1 4.00 63.00 67.00 OK
r-oldrel-macos-arm64 0.1.1 1.00 20.00 21.00 NOTE
r-oldrel-macos-x86_64 0.1.1 2.00 30.00 32.00 NOTE
r-oldrel-windows-x86_64 0.1.1 5.00 73.00 78.00 NOTE

Check Details

Version: 0.1.1
Check: dependencies in R code
Result: NOTE Namespace in Imports field not imported from: ‘RCurl’ All declared Imports should be used. Flavors: r-devel-linux-x86_64-fedora-clang, r-devel-linux-x86_64-fedora-gcc

Version: 0.1.1
Check: LazyData
Result: NOTE 'LazyData' is specified without a 'data' directory Flavors: r-oldrel-macos-arm64, r-oldrel-macos-x86_64, r-oldrel-windows-x86_64