Last updated on 2025-10-22 05:51:09 CEST.
Flavor | Version | Tinstall | Tcheck | Ttotal | Status | Flags |
---|---|---|---|---|---|---|
r-devel-linux-x86_64-debian-clang | 0.9.10 | 18.22 | 276.80 | 295.02 | NOTE | |
r-devel-linux-x86_64-debian-gcc | 0.9.10 | 13.56 | 169.84 | 183.40 | NOTE | |
r-devel-linux-x86_64-fedora-clang | 0.9.10 | 55.00 | 409.60 | 464.60 | OK | |
r-devel-linux-x86_64-fedora-gcc | 0.9.10 | 38.00 | 416.14 | 454.14 | OK | |
r-devel-windows-x86_64 | 0.9.10 | 23.00 | 308.00 | 331.00 | OK | |
r-patched-linux-x86_64 | 0.9.10 | 22.31 | 255.59 | 277.90 | OK | |
r-release-linux-x86_64 | 0.9.10 | 17.31 | 256.27 | 273.58 | OK | |
r-release-macos-arm64 | 0.9.10 | 8.00 | 101.00 | 109.00 | OK | |
r-release-macos-x86_64 | 0.9.10 | 20.00 | 196.00 | 216.00 | OK | |
r-release-windows-x86_64 | 0.9.10 | 23.00 | 303.00 | 326.00 | OK | |
r-oldrel-macos-arm64 | 0.9.10 | 8.00 | 107.00 | 115.00 | OK | |
r-oldrel-macos-x86_64 | 0.9.10 | 19.00 | 225.00 | 244.00 | OK | |
r-oldrel-windows-x86_64 | 0.9.10 | 31.00 | 396.00 | 427.00 | OK |
Version: 0.9.10
Check: HTML version of manual
Result: NOTE
Found the following HTML validation problems:
as_raster.html:46:1 (as_raster.Rd:10): Warning: missing </ul> before </div>
body_replace_flextable_at_bkm.html:70:1 (body_replace_flextable_at_bkm.Rd:25): Warning: missing </ul> before </div>
footers_flextable_at_bkm.html:46:1 (footers_flextable_at_bkm.Rd:10): Warning: missing </ul> before </div>
headers_flextable_at_bkm.html:46:1 (headers_flextable_at_bkm.Rd:10): Warning: missing </ul> before </div>
plot.flextableGrob.html:51:1 (plot.flextableGrob.Rd:12): Warning: missing </ul> before </div>
regulartable.html:57:1 (regulartable.Rd:15): Warning: missing </ul> before </div>
Flavors: r-devel-linux-x86_64-debian-clang, r-devel-linux-x86_64-debian-gcc