Last updated on 2025-10-22 05:51:09 CEST.
Flavor | Version | Tinstall | Tcheck | Ttotal | Status | Flags |
---|---|---|---|---|---|---|
r-devel-linux-x86_64-debian-clang | 0.3-3 | 20.81 | 80.71 | 101.52 | NOTE | |
r-devel-linux-x86_64-debian-gcc | 0.3-3 | 15.41 | 58.26 | 73.67 | NOTE | |
r-devel-linux-x86_64-fedora-clang | 0.3-3 | 52.00 | 103.02 | 155.02 | OK | |
r-devel-linux-x86_64-fedora-gcc | 0.3-3 | 92.00 | 78.11 | 170.11 | OK | |
r-devel-windows-x86_64 | 0.3-3 | 38.00 | 113.00 | 151.00 | OK | |
r-patched-linux-x86_64 | 0.3-3 | 19.90 | 75.30 | 95.20 | OK | |
r-release-linux-x86_64 | 0.3-3 | 19.49 | 75.39 | 94.88 | OK | |
r-release-macos-arm64 | 0.3-3 | 17.00 | 43.00 | 60.00 | OK | |
r-release-macos-x86_64 | 0.3-3 | 34.00 | 89.00 | 123.00 | OK | |
r-release-windows-x86_64 | 0.3-3 | 36.00 | 122.00 | 158.00 | OK | |
r-oldrel-macos-arm64 | 0.3-3 | 22.00 | 80.00 | 102.00 | OK | |
r-oldrel-macos-x86_64 | 0.3-3 | 36.00 | 144.00 | 180.00 | OK | |
r-oldrel-windows-x86_64 | 0.3-3 | 36.00 | 133.00 | 169.00 | OK |
Version: 0.3-3
Check: HTML version of manual
Result: NOTE
Found the following HTML validation problems:
names.html:72:1 (names.Rd:34): Warning: missing </ul> before </div>
Flavors: r-devel-linux-x86_64-debian-clang, r-devel-linux-x86_64-debian-gcc