Last updated on 2025-07-22 08:48:31 CEST.
Flavor | Version | Tinstall | Tcheck | Ttotal | Status | Flags |
---|---|---|---|---|---|---|
r-devel-linux-x86_64-debian-clang | 0.1.1 | 7.48 | 71.56 | 79.04 | NOTE | |
r-devel-linux-x86_64-debian-gcc | 0.1.1 | 6.38 | 54.06 | 60.44 | NOTE | |
r-devel-linux-x86_64-fedora-clang | 0.1.1 | 120.52 | OK | |||
r-devel-linux-x86_64-fedora-gcc | 0.1.1 | 115.96 | OK | |||
r-devel-windows-x86_64 | 0.1.1 | 10.00 | 79.00 | 89.00 | OK | |
r-patched-linux-x86_64 | 0.1.1 | 7.16 | 67.37 | 74.53 | OK | |
r-release-linux-x86_64 | 0.1.1 | 8.45 | 67.19 | 75.64 | OK | |
r-release-macos-arm64 | 0.1.1 | 45.00 | OK | |||
r-release-macos-x86_64 | 0.1.1 | 72.00 | OK | |||
r-release-windows-x86_64 | 0.1.1 | 11.00 | 84.00 | 95.00 | OK | |
r-oldrel-macos-arm64 | 0.1.1 | 32.00 | OK | |||
r-oldrel-macos-x86_64 | 0.1.1 | 58.00 | OK | |||
r-oldrel-windows-x86_64 | 0.1.1 | 13.00 | 100.00 | 113.00 | OK |
Version: 0.1.1
Check: CRAN incoming feasibility
Result: NOTE
Maintainer: ‘Friederike Deiters <deiters@statistik.tu-dortmund.de>’
The Description field contains
see Kinsvater et al. (2017) <arXiv:1701.06455>.
Please refer to arXiv e-prints via their arXiv DOI <doi:10.48550/arXiv.YYMM.NNNNN>.
Flavors: r-devel-linux-x86_64-debian-clang, r-devel-linux-x86_64-debian-gcc