Last updated on 2025-10-22 05:51:09 CEST.
Flavor | Version | Tinstall | Tcheck | Ttotal | Status | Flags |
---|---|---|---|---|---|---|
r-devel-linux-x86_64-debian-clang | 0.3.4 | 38.37 | 60.59 | 98.96 | NOTE | |
r-devel-linux-x86_64-debian-gcc | 0.3.4 | 31.90 | 45.00 | 76.90 | NOTE | |
r-devel-linux-x86_64-fedora-clang | 0.3.4 | 115.00 | 41.21 | 156.21 | OK | |
r-devel-linux-x86_64-fedora-gcc | 0.3.4 | 168.00 | -16.52 | 151.48 | OK | |
r-devel-windows-x86_64 | 0.3.4 | 43.00 | 69.00 | 112.00 | OK | |
r-patched-linux-x86_64 | 0.3.4 | 38.18 | 56.12 | 94.30 | OK | |
r-release-linux-x86_64 | 0.3.4 | 38.60 | 57.73 | 96.33 | OK | |
r-release-macos-arm64 | 0.3.4 | 31.00 | 39.00 | 70.00 | OK | |
r-release-macos-x86_64 | 0.3.4 | 44.00 | 52.00 | 96.00 | OK | |
r-release-windows-x86_64 | 0.3.4 | 43.00 | 71.00 | 114.00 | OK | |
r-oldrel-macos-arm64 | 0.3.4 | 26.00 | 30.00 | 56.00 | NOTE | |
r-oldrel-macos-x86_64 | 0.3.4 | 32.00 | 45.00 | 77.00 | NOTE | |
r-oldrel-windows-x86_64 | 0.3.4 | 54.00 | 88.00 | 142.00 | NOTE |
Version: 0.3.4
Check: CRAN incoming feasibility
Result: NOTE
Maintainer: ‘Gustavo Carvalho <gustavo.bio@gmail.com>’
No Authors@R field in DESCRIPTION.
Please add one, modifying
Authors@R: person(given = "Gustavo",
family = "Carvalho",
role = c("aut", "cre"),
email = "gustavo.bio@gmail.com")
as necessary.
Flavors: r-devel-linux-x86_64-debian-clang, r-devel-linux-x86_64-debian-gcc
Version: 0.3.4
Check: HTML version of manual
Result: NOTE
Found the following HTML validation problems:
df2phytaxa.html:50:1 (df2phytaxa.Rd:12): Warning: missing </ul> before </div>
Flavors: r-devel-linux-x86_64-debian-clang, r-devel-linux-x86_64-debian-gcc
Version: 0.3.4
Check: installed package size
Result: NOTE
installed size is 8.0Mb
sub-directories of 1Mb or more:
R 7.9Mb
Flavors: r-oldrel-macos-arm64, r-oldrel-macos-x86_64, r-oldrel-windows-x86_64