Last updated on 2025-10-22 05:51:09 CEST.
Flavor | Version | Tinstall | Tcheck | Ttotal | Status | Flags |
---|---|---|---|---|---|---|
r-devel-linux-x86_64-debian-clang | 0.5.0 | 93.62 | 319.94 | 413.56 | NOTE | |
r-devel-linux-x86_64-debian-gcc | 0.5.0 | 68.40 | 233.18 | 301.58 | NOTE | |
r-devel-linux-x86_64-fedora-clang | 0.5.0 | 227.00 | 468.89 | 695.89 | OK | |
r-devel-linux-x86_64-fedora-gcc | 0.5.0 | 275.00 | 425.91 | 700.91 | OK | |
r-devel-windows-x86_64 | 0.5.0 | 109.00 | 329.00 | 438.00 | OK | |
r-patched-linux-x86_64 | 0.5.0 | 107.59 | 313.74 | 421.33 | OK | |
r-release-linux-x86_64 | 0.5.0 | 100.95 | 314.85 | 415.80 | OK | |
r-release-macos-arm64 | 0.5.0 | 37.00 | 125.00 | 162.00 | OK | |
r-release-macos-x86_64 | 0.5.0 | 46.00 | 269.00 | 315.00 | OK | |
r-release-windows-x86_64 | 0.5.0 | 114.00 | 335.00 | 449.00 | OK | |
r-oldrel-macos-arm64 | 0.5.0 | 33.00 | 123.00 | 156.00 | NOTE | |
r-oldrel-macos-x86_64 | 0.5.0 | 44.00 | 263.00 | 307.00 | NOTE | |
r-oldrel-windows-x86_64 | 0.5.0 | 137.00 | 440.00 | 577.00 | OK |
Version: 0.5.0
Check: HTML version of manual
Result: NOTE
Found the following HTML validation problems:
fm_area.html:56:1 (fm_area.Rd:18): Warning: missing </ul> before </div>
fmesher_qinv.html:48:1 (fmesher_qinv.Rd:10): Warning: missing </ul> before </div>
Flavors: r-devel-linux-x86_64-debian-clang, r-devel-linux-x86_64-debian-gcc
Version: 0.5.0
Check: installed package size
Result: NOTE
installed size is 10.9Mb
sub-directories of 1Mb or more:
doc 1.2Mb
libs 8.3Mb
Flavors: r-oldrel-macos-arm64, r-oldrel-macos-x86_64