Last updated on 2025-10-22 05:51:09 CEST.
| Flavor | Version | Tinstall | Tcheck | Ttotal | Status | Flags |
|---|---|---|---|---|---|---|
| r-devel-linux-x86_64-debian-clang | 0.1.6 | 9.14 | 86.61 | 95.75 | NOTE | |
| r-devel-linux-x86_64-debian-gcc | 0.1.6 | 5.75 | 60.22 | 65.97 | NOTE | |
| r-devel-linux-x86_64-fedora-clang | 0.1.6 | 22.00 | 132.71 | 154.71 | OK | |
| r-devel-linux-x86_64-fedora-gcc | 0.1.6 | 28.00 | 113.72 | 141.72 | OK | |
| r-devel-windows-x86_64 | 0.1.6 | 10.00 | 155.00 | 165.00 | OK | |
| r-patched-linux-x86_64 | 0.1.6 | 8.48 | 86.03 | 94.51 | OK | |
| r-release-linux-x86_64 | 0.1.6 | 7.86 | 86.31 | 94.17 | OK | |
| r-release-macos-arm64 | 0.1.6 | 4.00 | 73.00 | 77.00 | OK | |
| r-release-macos-x86_64 | 0.1.6 | 5.00 | 123.00 | 128.00 | OK | |
| r-release-windows-x86_64 | 0.1.6 | 10.00 | 156.00 | 166.00 | OK | |
| r-oldrel-macos-arm64 | 0.1.6 | 4.00 | 64.00 | 68.00 | OK | |
| r-oldrel-macos-x86_64 | 0.1.6 | 5.00 | 94.00 | 99.00 | OK | |
| r-oldrel-windows-x86_64 | 0.1.6 | 12.00 | 195.00 | 207.00 | OK |
Version: 0.1.6
Check: CRAN incoming feasibility
Result: NOTE
Maintainer: ‘Haeran Cho <haeran.cho@bristol.ac.uk>’
The Description field contains
methodology and Owens, Cho and Barigozzi (2024+) <arXiv:2301.11675>
Please refer to arXiv e-prints via their arXiv DOI <doi:10.48550/arXiv.YYMM.NNNNN>.
Flavors: r-devel-linux-x86_64-debian-clang, r-devel-linux-x86_64-debian-gcc