Last updated on 2025-07-20 11:50:02 CEST.
Flavor | Version | Tinstall | Tcheck | Ttotal | Status | Flags |
---|---|---|---|---|---|---|
r-devel-linux-x86_64-debian-clang | 8.24.0 | 90.80 | 326.07 | 416.87 | OK | |
r-devel-linux-x86_64-debian-gcc | 8.24.0 | 59.69 | 205.15 | 264.84 | OK | |
r-devel-linux-x86_64-fedora-clang | 8.24.0 | 691.74 | OK | |||
r-devel-linux-x86_64-fedora-gcc | 8.24.0 | 673.55 | OK | |||
r-devel-windows-x86_64 | 8.24.0 | 101.00 | 364.00 | 465.00 | OK | |
r-patched-linux-x86_64 | 8.24.0 | 88.87 | 304.56 | 393.43 | OK | |
r-release-linux-x86_64 | 8.24.0 | 81.93 | 303.41 | 385.34 | OK | |
r-release-macos-arm64 | 8.24.0 | 165.00 | OK | |||
r-release-macos-x86_64 | 8.24.0 | 445.00 | OK | |||
r-release-windows-x86_64 | 8.24.0 | 102.00 | 352.00 | 454.00 | OK | |
r-oldrel-macos-arm64 | 8.24.0 | 165.00 | NOTE | |||
r-oldrel-macos-x86_64 | 8.24.0 | 421.00 | NOTE | |||
r-oldrel-windows-x86_64 | 8.24.0 | 124.00 | 449.00 | 573.00 | OK |
Version: 8.24.0
Check: installed package size
Result: NOTE
installed size is 5.1Mb
sub-directories of 1Mb or more:
libs 3.5Mb
Flavors: r-oldrel-macos-arm64, r-oldrel-macos-x86_64