Last updated on 2025-10-22 05:51:09 CEST.
Flavor | Version | Tinstall | Tcheck | Ttotal | Status | Flags |
---|---|---|---|---|---|---|
r-devel-linux-x86_64-debian-clang | 8.24.0 | 86.37 | 345.11 | 431.48 | NOTE | |
r-devel-linux-x86_64-debian-gcc | 8.24.0 | 54.70 | 218.94 | 273.64 | NOTE | |
r-devel-linux-x86_64-fedora-clang | 8.24.0 | 530.00 | 221.79 | 751.79 | OK | |
r-devel-linux-x86_64-fedora-gcc | 8.24.0 | 198.00 | 489.02 | 687.02 | OK | |
r-devel-windows-x86_64 | 8.24.0 | 103.00 | 369.00 | 472.00 | OK | |
r-patched-linux-x86_64 | 8.24.0 | 90.69 | 327.27 | 417.96 | OK | |
r-release-linux-x86_64 | 8.24.0 | 86.61 | 328.33 | 414.94 | OK | |
r-release-macos-arm64 | 8.24.0 | 33.00 | 132.00 | 165.00 | OK | |
r-release-macos-x86_64 | 8.24.0 | 46.00 | 399.00 | 445.00 | OK | |
r-release-windows-x86_64 | 8.24.0 | 109.00 | 372.00 | 481.00 | OK | |
r-oldrel-macos-arm64 | 8.24.0 | 30.00 | 135.00 | 165.00 | NOTE | |
r-oldrel-macos-x86_64 | 8.24.0 | 48.00 | 373.00 | 421.00 | NOTE | |
r-oldrel-windows-x86_64 | 8.24.0 | 133.00 | 481.00 | 614.00 | OK |
Version: 8.24.0
Check: HTML version of manual
Result: NOTE
Found the following HTML validation problems:
is.constant.html:46:1 (is.constant.Rd:10): Warning: missing </ul> before </div>
is.ets.html:62:1 (is.ets.Rd:35): Warning: missing </ul> before </div>
is.forecast.html:50:1 (is.forecast.Rd:16): Warning: missing </ul> before </div>
modeldf.html:50:1 (modeldf.Rd:12): Warning: missing </ul> before </div>
Flavors: r-devel-linux-x86_64-debian-clang, r-devel-linux-x86_64-debian-gcc
Version: 8.24.0
Check: installed package size
Result: NOTE
installed size is 5.1Mb
sub-directories of 1Mb or more:
libs 3.5Mb
Flavors: r-oldrel-macos-arm64, r-oldrel-macos-x86_64