Last updated on 2025-10-22 05:51:09 CEST.
Flavor | Version | Tinstall | Tcheck | Ttotal | Status | Flags |
---|---|---|---|---|---|---|
r-devel-linux-x86_64-debian-clang | 1.0.0 | 13.33 | 95.89 | 109.22 | NOTE | |
r-devel-linux-x86_64-debian-gcc | 1.0.0 | 7.97 | 64.84 | 72.81 | NOTE | |
r-devel-linux-x86_64-fedora-clang | 1.0.0 | 42.00 | 131.87 | 173.87 | OK | |
r-devel-linux-x86_64-fedora-gcc | 1.0.0 | 28.00 | 143.87 | 171.87 | OK | |
r-devel-windows-x86_64 | 1.0.0 | 12.00 | 98.00 | 110.00 | OK | |
r-patched-linux-x86_64 | 1.0.0 | 12.80 | 89.88 | 102.68 | OK | |
r-release-linux-x86_64 | 1.0.0 | 11.87 | 89.81 | 101.68 | OK | |
r-release-macos-arm64 | 1.0.0 | 5.00 | 61.00 | 66.00 | OK | |
r-release-macos-x86_64 | 1.0.0 | 11.00 | 79.00 | 90.00 | OK | |
r-release-windows-x86_64 | 1.0.0 | 15.00 | 99.00 | 114.00 | OK | |
r-oldrel-macos-arm64 | 1.0.0 | 5.00 | 39.00 | 44.00 | OK | |
r-oldrel-macos-x86_64 | 1.0.0 | 8.00 | 64.00 | 72.00 | OK | |
r-oldrel-windows-x86_64 | 1.0.0 | 19.00 | 126.00 | 145.00 | OK |
Version: 1.0.0
Check: HTML version of manual
Result: NOTE
Found the following HTML validation problems:
summary.html:64:1 (summary.Rd:24): Warning: missing </ul> before </div>
Flavors: r-devel-linux-x86_64-debian-clang, r-devel-linux-x86_64-debian-gcc