Last updated on 2025-10-22 05:51:09 CEST.
Flavor | Version | Tinstall | Tcheck | Ttotal | Status | Flags |
---|---|---|---|---|---|---|
r-devel-linux-x86_64-debian-clang | 1.1.3 | 5.27 | 116.77 | 122.04 | NOTE | |
r-devel-linux-x86_64-debian-gcc | 1.1.3 | 3.14 | 87.78 | 90.92 | NOTE | |
r-devel-linux-x86_64-fedora-clang | 1.1.3 | 12.00 | 155.36 | 167.36 | OK | |
r-devel-linux-x86_64-fedora-gcc | 1.1.3 | 171.92 | OK | |||
r-devel-windows-x86_64 | 1.1.3 | 6.00 | 89.00 | 95.00 | OK | |
r-patched-linux-x86_64 | 1.1.3 | 5.23 | 112.61 | 117.84 | OK | |
r-release-linux-x86_64 | 1.1.3 | 4.79 | 113.57 | 118.36 | OK | |
r-release-macos-arm64 | 1.1.3 | 2.00 | 46.00 | 48.00 | OK | |
r-release-macos-x86_64 | 1.1.3 | 5.00 | 109.00 | 114.00 | OK | |
r-release-windows-x86_64 | 1.1.3 | 6.00 | 92.00 | 98.00 | OK | |
r-oldrel-macos-arm64 | 1.1.3 | 2.00 | 48.00 | 50.00 | OK | |
r-oldrel-macos-x86_64 | 1.1.3 | 9.00 | 133.00 | 142.00 | OK | |
r-oldrel-windows-x86_64 | 1.1.3 | 8.00 | 114.00 | 122.00 | OK |
Version: 1.1.3
Check: HTML version of manual
Result: NOTE
Found the following HTML validation problems:
check_errors.html:160:1 (check_errors.Rd:92): Warning: missing </ul> before </div>
make_arrow.html:77:1 (make_arrow.Rd:31): Warning: missing </ul> before </div>
xscale.html:65:1 (xscale.Rd:23): Warning: missing </ul> before </div>
Flavors: r-devel-linux-x86_64-debian-clang, r-devel-linux-x86_64-debian-gcc