Last updated on 2025-10-22 05:51:09 CEST.
Flavor | Version | Tinstall | Tcheck | Ttotal | Status | Flags |
---|---|---|---|---|---|---|
r-devel-linux-x86_64-debian-clang | 0.2.1 | 3.70 | 47.12 | 50.82 | NOTE | |
r-devel-linux-x86_64-debian-gcc | 0.2.1 | 2.73 | 36.85 | 39.58 | NOTE | |
r-devel-linux-x86_64-fedora-clang | 0.2.1 | 11.00 | 66.36 | 77.36 | OK | |
r-devel-linux-x86_64-fedora-gcc | 0.2.1 | 86.94 | OK | |||
r-devel-windows-x86_64 | 0.2.1 | 6.00 | 72.00 | 78.00 | OK | |
r-patched-linux-x86_64 | 0.2.1 | 3.99 | 43.50 | 47.49 | OK | |
r-release-linux-x86_64 | 0.2.1 | 3.05 | 44.43 | 47.48 | OK | |
r-release-macos-arm64 | 0.2.1 | 2.00 | 43.00 | 45.00 | OK | |
r-release-macos-x86_64 | 0.2.1 | 3.00 | 54.00 | 57.00 | OK | |
r-release-windows-x86_64 | 0.2.1 | 6.00 | 73.00 | 79.00 | OK | |
r-oldrel-macos-arm64 | 0.2.1 | 2.00 | 30.00 | 32.00 | NOTE | |
r-oldrel-macos-x86_64 | 0.2.1 | 3.00 | 45.00 | 48.00 | NOTE | |
r-oldrel-windows-x86_64 | 0.2.1 | 8.00 | 84.00 | 92.00 | NOTE |
Version: 0.2.1
Check: HTML version of manual
Result: NOTE
Found the following HTML validation problems:
formattableOutput.html:54:1 (formattableOutput.Rd:14): Warning: missing </ul> before </div>
renderFormattable.html:55:1 (renderFormattable.Rd:15): Warning: missing </ul> before </div>
Flavors: r-devel-linux-x86_64-debian-clang, r-devel-linux-x86_64-debian-gcc
Version: 0.2.1
Check: LazyData
Result: NOTE
'LazyData' is specified without a 'data' directory
Flavors: r-oldrel-macos-arm64, r-oldrel-macos-x86_64, r-oldrel-windows-x86_64