CRAN Package Check Results for Package forstringr

Last updated on 2025-10-22 05:51:09 CEST.

Flavor Version Tinstall Tcheck Ttotal Status Flags
r-devel-linux-x86_64-debian-clang 1.0.0 4.27 44.80 49.07 NOTE
r-devel-linux-x86_64-debian-gcc 1.0.0 2.82 34.20 37.02 NOTE
r-devel-linux-x86_64-fedora-clang 1.0.0 11.00 63.99 74.99 NOTE
r-devel-linux-x86_64-fedora-gcc 1.0.0 83.78 NOTE
r-devel-windows-x86_64 1.0.0 6.00 61.00 67.00 NOTE
r-patched-linux-x86_64 1.0.0 3.38 41.38 44.76 NOTE
r-release-linux-x86_64 1.0.0 3.87 41.62 45.49 NOTE
r-release-macos-arm64 1.0.0 2.00 49.00 51.00 NOTE
r-release-macos-x86_64 1.0.0 3.00 51.00 54.00 NOTE
r-release-windows-x86_64 1.0.0 7.00 61.00 68.00 NOTE
r-oldrel-macos-arm64 1.0.0 2.00 27.00 29.00 OK
r-oldrel-macos-x86_64 1.0.0 3.00 43.00 46.00 OK
r-oldrel-windows-x86_64 1.0.0 8.00 72.00 80.00 OK

Check Details

Version: 1.0.0
Check: DESCRIPTION meta-information
Result: NOTE Missing dependency on R >= 4.1.0 because package code uses the pipe |> or function shorthand \(...) syntax added in R 4.1.0. File(s) using such syntax: ‘str_extract_part.R’ Flavors: r-devel-linux-x86_64-debian-clang, r-devel-linux-x86_64-debian-gcc, r-devel-linux-x86_64-fedora-clang, r-devel-linux-x86_64-fedora-gcc, r-devel-windows-x86_64, r-patched-linux-x86_64, r-release-linux-x86_64, r-release-macos-arm64, r-release-macos-x86_64, r-release-windows-x86_64