Last updated on 2025-10-24 04:50:53 CEST.
| Flavor | Version | Tinstall | Tcheck | Ttotal | Status | Flags |
|---|---|---|---|---|---|---|
| r-devel-linux-x86_64-debian-clang | 1.5.2 | 20.29 | 356.74 | 377.03 | NOTE | |
| r-devel-linux-x86_64-debian-gcc | 1.5.2 | 14.56 | 240.83 | 255.39 | NOTE | |
| r-devel-linux-x86_64-fedora-clang | 1.5.2 | 61.00 | 542.21 | 603.21 | OK | |
| r-devel-linux-x86_64-fedora-gcc | 1.5.2 | 44.00 | 531.30 | 575.30 | OK | |
| r-devel-windows-x86_64 | 1.5.2 | 22.00 | 324.00 | 346.00 | OK | |
| r-patched-linux-x86_64 | 1.5.2 | 18.53 | 341.93 | 360.46 | OK | |
| r-release-linux-x86_64 | 1.5.2 | 17.81 | 341.11 | 358.92 | OK | |
| r-release-macos-arm64 | 1.5.2 | 8.00 | 129.00 | 137.00 | OK | |
| r-release-macos-x86_64 | 1.5.2 | 17.00 | 276.00 | 293.00 | OK | |
| r-release-windows-x86_64 | 1.5.2 | 23.00 | 322.00 | 345.00 | OK | |
| r-oldrel-macos-arm64 | 1.5.2 | 8.00 | 122.00 | 130.00 | OK | |
| r-oldrel-macos-x86_64 | 1.5.2 | 13.00 | 188.00 | 201.00 | OK | |
| r-oldrel-windows-x86_64 | 1.5.2 | 31.00 | 440.00 | 471.00 | OK |
Version: 1.5.2
Check: CRAN incoming feasibility
Result: NOTE
Maintainer: ‘Aimee Lee Houde <aimee.lee.houde@gmail.com>’
No Authors@R field in DESCRIPTION.
Please add one, modifying
Authors@R: c(person(given = c("Aimee", "Lee"),
family = "Houde",
role = c("aut", "cre"),
email = "aimee.lee.houde@gmail.com"),
person(given = "Trevor",
family = "Pitcher",
role = "aut"))
as necessary.
Flavors: r-devel-linux-x86_64-debian-clang, r-devel-linux-x86_64-debian-gcc