Last updated on 2025-10-22 05:51:10 CEST.
Flavor | Version | Tinstall | Tcheck | Ttotal | Status | Flags |
---|---|---|---|---|---|---|
r-devel-linux-x86_64-debian-clang | 2.4.4 | 25.98 | 236.66 | 262.64 | NOTE | |
r-devel-linux-x86_64-debian-gcc | 2.4.4 | 15.76 | 153.41 | 169.17 | NOTE | |
r-devel-linux-x86_64-fedora-clang | 2.4.4 | 77.00 | 351.90 | 428.90 | NOTE | |
r-devel-linux-x86_64-fedora-gcc | 2.4.4 | 56.00 | 348.68 | 404.68 | NOTE | |
r-devel-windows-x86_64 | 2.4.4 | 26.00 | 258.00 | 284.00 | NOTE | |
r-patched-linux-x86_64 | 2.4.4 | 30.92 | 225.36 | 256.28 | NOTE | |
r-release-linux-x86_64 | 2.4.4 | 23.51 | 224.31 | 247.82 | NOTE | |
r-release-macos-arm64 | 2.4.4 | 11.00 | 93.00 | 104.00 | NOTE | |
r-release-macos-x86_64 | 2.4.4 | 40.00 | 286.00 | 326.00 | OK | |
r-release-windows-x86_64 | 2.4.4 | 28.00 | 258.00 | 286.00 | NOTE | |
r-oldrel-macos-arm64 | 2.4.4 | 11.00 | 88.00 | 99.00 | OK | |
r-oldrel-macos-x86_64 | 2.4.4 | 16.00 | 134.00 | 150.00 | OK | |
r-oldrel-windows-x86_64 | 2.4.4 | 35.00 | 334.00 | 369.00 | OK |
Version: 2.4.4
Check: DESCRIPTION meta-information
Result: NOTE
Missing dependency on R >= 4.1.0 because package code uses the pipe
|> or function shorthand \(...) syntax added in R 4.1.0.
File(s) using such syntax:
‘Ravgr.Rd’ ‘TaylorRussell.Rd’
Flavors: r-devel-linux-x86_64-debian-clang, r-devel-linux-x86_64-debian-gcc, r-devel-linux-x86_64-fedora-clang, r-devel-linux-x86_64-fedora-gcc, r-devel-windows-x86_64, r-patched-linux-x86_64, r-release-linux-x86_64, r-release-macos-arm64, r-release-windows-x86_64
Version: 2.4.4
Check: Rd cross-references
Result: NOTE
Found the following Rd file(s) with Rd \link{} targets missing package
anchors:
promaxQ.Rd: GPForth
Please provide package anchors for all Rd \link{} targets not in the
package itself and the base packages.
Flavors: r-devel-linux-x86_64-debian-clang, r-devel-linux-x86_64-debian-gcc, r-devel-windows-x86_64, r-patched-linux-x86_64, r-release-linux-x86_64, r-release-windows-x86_64
Version: 2.4.4
Check: HTML version of manual
Result: NOTE
Found the following HTML validation problems:
obj_func.html:116:1 (obj_func.Rd:56): Warning: missing </ul> before </div>
Flavors: r-devel-linux-x86_64-debian-clang, r-devel-linux-x86_64-debian-gcc