Last updated on 2025-10-22 05:51:10 CEST.
Flavor | Version | Tinstall | Tcheck | Ttotal | Status | Flags |
---|---|---|---|---|---|---|
r-devel-linux-x86_64-debian-clang | 0.3.2 | 1.68 | 22.09 | 23.77 | NOTE | |
r-devel-linux-x86_64-debian-gcc | 0.3.2 | 1.45 | 18.07 | 19.52 | NOTE | |
r-devel-linux-x86_64-fedora-clang | 0.3.2 | 34.37 | OK | |||
r-devel-linux-x86_64-fedora-gcc | 0.3.2 | 32.90 | OK | |||
r-devel-windows-x86_64 | 0.3.2 | 2.00 | 45.00 | 47.00 | OK | |
r-patched-linux-x86_64 | 0.3.2 | 1.75 | 20.63 | 22.38 | OK | |
r-release-linux-x86_64 | 0.3.2 | 1.71 | 20.67 | 22.38 | OK | |
r-release-macos-arm64 | 0.3.2 | 1.00 | 16.00 | 17.00 | OK | |
r-release-macos-x86_64 | 0.3.2 | 2.00 | 25.00 | 27.00 | OK | |
r-release-windows-x86_64 | 0.3.2 | 3.00 | 46.00 | 49.00 | OK | |
r-oldrel-macos-arm64 | 0.3.2 | 1.00 | 15.00 | 16.00 | NOTE | |
r-oldrel-macos-x86_64 | 0.3.2 | 2.00 | 22.00 | 24.00 | NOTE | |
r-oldrel-windows-x86_64 | 0.3.2 | 3.00 | 49.00 | 52.00 | NOTE |
Version: 0.3.2
Check: HTML version of manual
Result: NOTE
Found the following HTML validation problems:
render_funr.html:51:1 (render_funr.Rd:13): Warning: missing </ul> before </div>
Flavors: r-devel-linux-x86_64-debian-clang, r-devel-linux-x86_64-debian-gcc
Version: 0.3.2
Check: LazyData
Result: NOTE
'LazyData' is specified without a 'data' directory
Flavors: r-oldrel-macos-arm64, r-oldrel-macos-x86_64, r-oldrel-windows-x86_64