Last updated on 2025-10-22 05:51:12 CEST.
Flavor | Version | Tinstall | Tcheck | Ttotal | Status | Flags |
---|---|---|---|---|---|---|
r-devel-linux-x86_64-debian-clang | 1.0-9 | 20.35 | 121.25 | 141.60 | NOTE | |
r-devel-linux-x86_64-debian-gcc | 1.0-9 | 15.45 | 89.95 | 105.40 | NOTE | |
r-devel-linux-x86_64-fedora-clang | 1.0-9 | 68.00 | 170.68 | 238.68 | OK | |
r-devel-linux-x86_64-fedora-gcc | 1.0-9 | 52.00 | 168.51 | 220.51 | OK | |
r-devel-windows-x86_64 | 1.0-9 | 21.00 | 94.00 | 115.00 | OK | |
r-patched-linux-x86_64 | 1.0-9 | 26.00 | 124.70 | 150.70 | OK | |
r-release-linux-x86_64 | 1.0-9 | 24.37 | 125.30 | 149.67 | OK | |
r-release-macos-arm64 | 1.0-9 | 19.00 | 65.00 | 84.00 | OK | |
r-release-macos-x86_64 | 1.0-9 | 26.00 | 143.00 | 169.00 | OK | |
r-release-windows-x86_64 | 1.0-9 | 21.00 | 97.00 | 118.00 | OK | |
r-oldrel-macos-arm64 | 1.0-9 | 17.00 | 70.00 | 87.00 | OK | |
r-oldrel-macos-x86_64 | 1.0-9 | 35.00 | 167.00 | 202.00 | OK | |
r-oldrel-windows-x86_64 | 1.0-9 | 29.00 | 118.00 | 147.00 | OK |
Version: 1.0-9
Check: HTML version of manual
Result: NOTE
Found the following HTML validation problems:
GComponentObservable.html:46:1 (GComponentObservable.Rd:8): Warning: missing </ul> before </div>
GSpinButton.html:50:1 (GSpinButton.Rd:12): Warning: missing </ul> before </div>
GStatusBar.html:49:1 (GStatusBar.Rd:8): Warning: missing </ul> before </div>
getWidget.tkwin.html:47:1 (getWidget.tkwin.Rd:10): Warning: missing </ul> before </div>
makeCalendar.html:64:1 (makeCalendar.Rd:20): Warning: missing </ul> before </div>
Flavors: r-devel-linux-x86_64-debian-clang, r-devel-linux-x86_64-debian-gcc