Last updated on 2025-10-22 05:51:10 CEST.
Flavor | Version | Tinstall | Tcheck | Ttotal | Status | Flags |
---|---|---|---|---|---|---|
r-devel-linux-x86_64-debian-clang | 0.1.0 | 4.30 | 45.04 | 49.34 | NOTE | |
r-devel-linux-x86_64-debian-gcc | 0.1.0 | 2.72 | 33.69 | 36.41 | NOTE | |
r-devel-linux-x86_64-fedora-clang | 0.1.0 | 10.00 | 64.61 | 74.61 | OK | |
r-devel-linux-x86_64-fedora-gcc | 0.1.0 | 83.69 | OK | |||
r-devel-windows-x86_64 | 0.1.0 | 5.00 | 66.00 | 71.00 | OK | |
r-patched-linux-x86_64 | 0.1.0 | 3.78 | 40.28 | 44.06 | OK | |
r-release-linux-x86_64 | 0.1.0 | 4.10 | 40.62 | 44.72 | OK | |
r-release-macos-arm64 | 0.1.0 | 2.00 | 30.00 | 32.00 | OK | |
r-release-macos-x86_64 | 0.1.0 | 4.00 | 59.00 | 63.00 | OK | |
r-release-windows-x86_64 | 0.1.0 | 8.00 | 76.00 | 84.00 | OK | |
r-oldrel-macos-arm64 | 0.1.0 | 2.00 | 34.00 | 36.00 | OK | |
r-oldrel-macos-x86_64 | 0.1.0 | 4.00 | 67.00 | 71.00 | OK | |
r-oldrel-windows-x86_64 | 0.1.0 | 8.00 | 72.00 | 80.00 | OK |
Version: 0.1.0
Check: HTML version of manual
Result: NOTE
Found the following HTML validation problems:
data.html:58:1 (data.Rd:17): Warning: missing </ul> before </div>
Flavors: r-devel-linux-x86_64-debian-clang, r-devel-linux-x86_64-debian-gcc