Last updated on 2025-10-24 04:50:53 CEST.
| Flavor | Version | Tinstall | Tcheck | Ttotal | Status | Flags |
|---|---|---|---|---|---|---|
| r-devel-linux-x86_64-debian-clang | 0.2.3 | 53.40 | 190.30 | 243.70 | OK | |
| r-devel-linux-x86_64-debian-gcc | 0.2.3 | 42.91 | 144.34 | 187.25 | OK | |
| r-devel-linux-x86_64-fedora-clang | 0.2.3 | 76.00 | 301.41 | 377.41 | OK | |
| r-devel-linux-x86_64-fedora-gcc | 0.2.3 | 136.00 | 276.15 | 412.15 | OK | |
| r-devel-windows-x86_64 | 0.2.3 | 60.00 | 187.00 | 247.00 | OK | |
| r-patched-linux-x86_64 | 0.2.3 | 61.09 | 189.92 | 251.01 | OK | |
| r-release-linux-x86_64 | 0.2.3 | 59.63 | 191.71 | 251.34 | OK | |
| r-release-macos-arm64 | 0.2.3 | 22.00 | 76.00 | 98.00 | OK | |
| r-release-macos-x86_64 | 0.2.3 | 51.00 | 155.00 | 206.00 | OK | |
| r-release-windows-x86_64 | 0.2.3 | 61.00 | 191.00 | 252.00 | OK | |
| r-oldrel-macos-arm64 | 0.2.3 | 26.00 | 85.00 | 111.00 | NOTE | |
| r-oldrel-macos-x86_64 | 0.2.3 | 53.00 | 154.00 | 207.00 | NOTE | |
| r-oldrel-windows-x86_64 | 0.2.3 | 72.00 | 252.00 | 324.00 | OK |
Version: 0.2.3
Check: installed package size
Result: NOTE
installed size is 25.3Mb
sub-directories of 1Mb or more:
doc 2.0Mb
libs 21.6Mb
Flavors: r-oldrel-macos-arm64, r-oldrel-macos-x86_64