Last updated on 2025-10-24 04:50:53 CEST.
| Flavor | Version | Tinstall | Tcheck | Ttotal | Status | Flags |
|---|---|---|---|---|---|---|
| r-devel-linux-x86_64-debian-clang | 2024.10.01 | 45.36 | 342.23 | 387.59 | NOTE | |
| r-devel-linux-x86_64-debian-gcc | 2024.10.01 | 30.89 | 224.44 | 255.33 | NOTE | |
| r-devel-linux-x86_64-fedora-clang | 2024.10.01 | 125.00 | 520.13 | 645.13 | NOTE | |
| r-devel-linux-x86_64-fedora-gcc | 2024.10.01 | 100.00 | 489.81 | 589.81 | NOTE | |
| r-devel-windows-x86_64 | 2024.10.01 | 42.00 | 264.00 | 306.00 | NOTE | |
| r-patched-linux-x86_64 | 2024.10.01 | 49.43 | 324.18 | 373.61 | NOTE | |
| r-release-linux-x86_64 | 2024.10.01 | 45.06 | 323.04 | 368.10 | NOTE | |
| r-release-macos-arm64 | 2024.10.01 | 21.00 | 108.00 | 129.00 | NOTE | |
| r-release-macos-x86_64 | 2024.10.01 | 37.00 | 397.00 | 434.00 | NOTE | |
| r-release-windows-x86_64 | 2024.10.01 | 47.00 | 262.00 | 309.00 | NOTE | |
| r-oldrel-macos-arm64 | 2024.10.01 | 19.00 | 108.00 | 127.00 | OK | |
| r-oldrel-macos-x86_64 | 2024.10.01 | 34.00 | 149.00 | 183.00 | OK | |
| r-oldrel-windows-x86_64 | 2024.10.01 | 63.00 | 377.00 | 440.00 | OK |
Version: 2024.10.01
Check: DESCRIPTION meta-information
Result: NOTE
Missing dependency on R >= 4.1.0 because package code uses the pipe
|> or function shorthand \(...) syntax added in R 4.1.0.
File(s) using such syntax:
‘gbm.factorplot.R’ ‘gbm.mapsf.R’
Flavors: r-devel-linux-x86_64-debian-clang, r-devel-linux-x86_64-debian-gcc, r-devel-linux-x86_64-fedora-clang, r-devel-linux-x86_64-fedora-gcc, r-devel-windows-x86_64, r-patched-linux-x86_64, r-release-linux-x86_64, r-release-macos-arm64, r-release-macos-x86_64, r-release-windows-x86_64