Last updated on 2025-10-22 05:51:11 CEST.
Flavor | Version | Tinstall | Tcheck | Ttotal | Status | Flags |
---|---|---|---|---|---|---|
r-devel-linux-x86_64-debian-clang | 1.0.1 | 6.49 | 63.26 | 69.75 | NOTE | |
r-devel-linux-x86_64-debian-gcc | 1.0.1 | 4.60 | 47.36 | 51.96 | NOTE | |
r-devel-linux-x86_64-fedora-clang | 1.0.1 | 21.00 | 91.20 | 112.20 | OK | |
r-devel-linux-x86_64-fedora-gcc | 1.0.1 | 15.00 | 95.22 | 110.22 | OK | |
r-devel-windows-x86_64 | 1.0.1 | 7.00 | 95.00 | 102.00 | OK | |
r-patched-linux-x86_64 | 1.0.1 | 6.31 | 60.17 | 66.48 | OK | |
r-release-linux-x86_64 | 1.0.1 | 5.50 | 60.12 | 65.62 | OK | |
r-release-macos-arm64 | 1.0.1 | 4.00 | 42.00 | 46.00 | OK | |
r-release-macos-x86_64 | 1.0.1 | 6.00 | 66.00 | 72.00 | OK | |
r-release-windows-x86_64 | 1.0.1 | 9.00 | 96.00 | 105.00 | OK | |
r-oldrel-macos-arm64 | 1.0.1 | 4.00 | 71.00 | 75.00 | OK | |
r-oldrel-macos-x86_64 | 1.0.1 | 6.00 | 69.00 | 75.00 | OK | |
r-oldrel-windows-x86_64 | 1.0.1 | 10.00 | 116.00 | 126.00 | OK |
Version: 1.0.1
Check: HTML version of manual
Result: NOTE
Found the following HTML validation problems:
gchart_available_areas.html:53:1 (gchart_available_areas.Rd:15): Warning: missing </ul> before </div>
gchart_cache_dir.html:48:1 (gchart_cache_dir.Rd:12): Warning: missing </ul> before </div>
gchart_remove_cache_path.html:52:1 (gchart_remove_cache_path.Rd:12): Warning: missing </ul> before </div>
path_existing_root.html:46:1 (path_existing_root.Rd:10): Warning: missing </ul> before </div>
Flavors: r-devel-linux-x86_64-debian-clang, r-devel-linux-x86_64-debian-gcc