Last updated on 2025-10-22 05:51:11 CEST.
Flavor | Version | Tinstall | Tcheck | Ttotal | Status | Flags |
---|---|---|---|---|---|---|
r-devel-linux-x86_64-debian-clang | 1.12.0 | 6.80 | 445.81 | 452.61 | NOTE | |
r-devel-linux-x86_64-debian-gcc | 1.12.0 | 5.11 | 284.88 | 289.99 | NOTE | |
r-devel-linux-x86_64-fedora-clang | 1.12.0 | 17.00 | 738.02 | 755.02 | OK | |
r-devel-linux-x86_64-fedora-gcc | 1.12.0 | 15.00 | 694.69 | 709.69 | OK | |
r-devel-windows-x86_64 | 1.12.0 | 9.00 | 368.00 | 377.00 | OK | |
r-patched-linux-x86_64 | 1.12.0 | 8.43 | 428.67 | 437.10 | OK | |
r-release-linux-x86_64 | 1.12.0 | 7.18 | 432.91 | 440.09 | OK | |
r-release-macos-arm64 | 1.12.0 | 3.00 | 152.00 | 155.00 | OK | |
r-release-macos-x86_64 | 1.12.0 | 6.00 | 386.00 | 392.00 | OK | |
r-release-windows-x86_64 | 1.12.0 | 12.00 | 373.00 | 385.00 | OK | |
r-oldrel-macos-arm64 | 1.12.0 | 3.00 | 151.00 | 154.00 | OK | |
r-oldrel-macos-x86_64 | 1.12.0 | 7.00 | 369.00 | 376.00 | OK | |
r-oldrel-windows-x86_64 | 1.12.0 | 11.00 | 545.00 | 556.00 | OK |
Version: 1.12.0
Check: HTML version of manual
Result: NOTE
Found the following HTML validation problems:
print_df.html:55:1 (print_df.Rd:14): Warning: missing </ul> before </div>
Flavors: r-devel-linux-x86_64-debian-clang, r-devel-linux-x86_64-debian-gcc