Last updated on 2025-10-22 05:51:11 CEST.
Flavor | Version | Tinstall | Tcheck | Ttotal | Status | Flags |
---|---|---|---|---|---|---|
r-devel-linux-x86_64-debian-clang | 1.6.5 | 47.63 | 313.64 | 361.27 | NOTE | |
r-devel-linux-x86_64-debian-gcc | 1.6.5 | 29.40 | 200.41 | 229.81 | NOTE | |
r-devel-linux-x86_64-fedora-clang | 1.6.5 | 163.00 | 436.23 | 599.23 | OK | |
r-devel-linux-x86_64-fedora-gcc | 1.6.5 | 97.00 | 472.64 | 569.64 | OK | |
r-devel-windows-x86_64 | 1.6.5 | 42.00 | 241.00 | 283.00 | OK | |
r-patched-linux-x86_64 | 1.6.5 | 44.03 | 296.38 | 340.41 | OK | |
r-release-linux-x86_64 | 1.6.5 | 43.26 | 297.57 | 340.83 | OK | |
r-release-macos-arm64 | 1.6.5 | 17.00 | 113.00 | 130.00 | OK | |
r-release-macos-x86_64 | 1.6.5 | 86.00 | 578.00 | 664.00 | OK | |
r-release-windows-x86_64 | 1.6.5 | 41.00 | 241.00 | 282.00 | OK | |
r-oldrel-macos-arm64 | 1.6.5 | 18.00 | 120.00 | 138.00 | OK | |
r-oldrel-macos-x86_64 | 1.6.5 | 120.00 | 535.00 | 655.00 | OK | |
r-oldrel-windows-x86_64 | 1.6.5 | 58.00 | 344.00 | 402.00 | OK |
Version: 1.6.5
Check: HTML version of manual
Result: NOTE
Found the following HTML validation problems:
Transition-slots.html:50:1 (Transition-slots.Rd:31): Warning: missing </ul> before </div>
Flavors: r-devel-linux-x86_64-debian-clang, r-devel-linux-x86_64-debian-gcc