Last updated on 2025-10-22 05:51:11 CEST.
Flavor | Version | Tinstall | Tcheck | Ttotal | Status | Flags |
---|---|---|---|---|---|---|
r-devel-linux-x86_64-debian-clang | 1.0.2 | 17.55 | 145.13 | 162.68 | NOTE | |
r-devel-linux-x86_64-debian-gcc | 1.0.2 | 12.41 | 107.65 | 120.06 | NOTE | |
r-devel-linux-x86_64-fedora-clang | 1.0.2 | 56.00 | 195.54 | 251.54 | OK | |
r-devel-linux-x86_64-fedora-gcc | 1.0.2 | 33.00 | 220.42 | 253.42 | OK | |
r-devel-windows-x86_64 | 1.0.2 | 18.00 | 172.00 | 190.00 | OK | |
r-patched-linux-x86_64 | 1.0.2 | 16.51 | 134.94 | 151.45 | OK | |
r-release-linux-x86_64 | 1.0.2 | 14.10 | 133.84 | 147.94 | OK | |
r-release-macos-arm64 | 1.0.2 | 16.00 | 88.00 | 104.00 | OK | |
r-release-macos-x86_64 | 1.0.2 | 28.00 | 159.00 | 187.00 | OK | |
r-release-windows-x86_64 | 1.0.2 | 19.00 | 187.00 | 206.00 | OK | |
r-oldrel-macos-arm64 | 1.0.2 | 13.00 | 112.00 | 125.00 | OK | |
r-oldrel-macos-x86_64 | 1.0.2 | 27.00 | 173.00 | 200.00 | OK | |
r-oldrel-windows-x86_64 | 1.0.2 | 22.00 | 195.00 | 217.00 | OK |
Version: 1.0.2
Check: HTML version of manual
Result: NOTE
Found the following HTML validation problems:
clean_drive_folders_by_name.html:64:1 (clean_drive_folders_by_name.Rd:22): Warning: missing </ul> before </div>
compile_db.html:66:1 (compile_db.Rd:20): Warning: missing </ul> before </div>
gee_message.html:48:1 (gee_message.Rd:11): Warning: missing </ul> before </div>
output_message.html:51:1 (output_message.Rd:13): Warning: missing </ul> before </div>
print_version.html:47:1 (print_version.Rd:11): Warning: missing </ul> before </div>
process_single_file.html:54:1 (process_single_file.Rd:14): Warning: missing </ul> before </div>
process_source_files.html:51:1 (process_source_files.Rd:13): Warning: missing </ul> before </div>
remove_tables.html:48:1 (remove_tables.Rd:11): Warning: missing </ul> before </div>
set_depend.html:63:1 (set_depend.Rd:20): Warning: missing </ul> before </div>
set_dirs.html:48:1 (set_dirs.Rd:11): Warning: missing </ul> before </div>
write_grid.html:47:1 (write_grid.Rd:11): Warning: missing </ul> before </div>
write_grid_stats.html:68:1 (write_grid_stats.Rd:24): Warning: missing </ul> before </div>
write_log_file.html:48:1 (write_log_file.Rd:11): Warning: missing </ul> before </div>
write_state_file.html:59:1 (write_state_file.Rd:18): Warning: missing </ul> before </div>
Flavors: r-devel-linux-x86_64-debian-clang, r-devel-linux-x86_64-debian-gcc