Last updated on 2025-10-24 04:50:53 CEST.
| Flavor | Version | Tinstall | Tcheck | Ttotal | Status | Flags |
|---|---|---|---|---|---|---|
| r-devel-linux-x86_64-debian-clang | 0.1.3 | 2.08 | 348.28 | 350.36 | NOTE | |
| r-devel-linux-x86_64-debian-gcc | 0.1.3 | 1.63 | 212.08 | 213.71 | OK | |
| r-devel-linux-x86_64-fedora-clang | 0.1.3 | 589.64 | NOTE | |||
| r-devel-linux-x86_64-fedora-gcc | 0.1.3 | 573.64 | NOTE | |||
| r-devel-windows-x86_64 | 0.1.3 | 5.00 | 295.00 | 300.00 | OK | |
| r-patched-linux-x86_64 | 0.1.3 | 1.76 | 319.64 | 321.40 | OK | |
| r-release-linux-x86_64 | 0.1.3 | 2.14 | 320.73 | 322.87 | OK | |
| r-release-macos-arm64 | 0.1.3 | 1.00 | 128.00 | 129.00 | OK | |
| r-release-macos-x86_64 | 0.1.3 | 2.00 | 270.00 | 272.00 | OK | |
| r-release-windows-x86_64 | 0.1.3 | 5.00 | 298.00 | 303.00 | OK | |
| r-oldrel-macos-arm64 | 0.1.3 | 1.00 | 115.00 | 116.00 | NOTE | |
| r-oldrel-macos-x86_64 | 0.1.3 | 2.00 | 196.00 | 198.00 | NOTE | |
| r-oldrel-windows-x86_64 | 0.1.3 | 6.00 | 429.00 | 435.00 | NOTE |
Version: 0.1.3
Check: HTML version of manual
Result: NOTE
Found the following HTML validation problems:
MphCalcLogL.html:62:1 (MphCalcLogL.Rd:18): Warning: missing </ul> before </div>
calc_sigma.html:70:1 (calc_sigma.Rd:22): Warning: missing </ul> before </div>
Flavor: r-devel-linux-x86_64-debian-clang
Version: 0.1.3
Check: dependencies in R code
Result: NOTE
Namespace in Imports field not imported from: ‘methods’
All declared Imports should be used.
Flavors: r-devel-linux-x86_64-fedora-clang, r-devel-linux-x86_64-fedora-gcc
Version: 0.1.3
Check: LazyData
Result: NOTE
'LazyData' is specified without a 'data' directory
Flavors: r-oldrel-macos-arm64, r-oldrel-macos-x86_64, r-oldrel-windows-x86_64