CRAN Package Check Results for Package genesysr

Last updated on 2025-07-22 08:48:32 CEST.

Flavor Version Tinstall Tcheck Ttotal Status Flags
r-devel-linux-x86_64-debian-clang 2.1.1 5.12 43.84 48.96 WARN
r-devel-linux-x86_64-debian-gcc 2.1.1 3.58 33.71 37.29 WARN
r-devel-linux-x86_64-fedora-clang 2.1.1 77.07 WARN
r-devel-linux-x86_64-fedora-gcc 2.1.1 85.37 WARN
r-devel-windows-x86_64 2.1.1 6.00 63.00 69.00 WARN
r-patched-linux-x86_64 2.1.1 5.74 40.22 45.96 WARN
r-release-linux-x86_64 2.1.1 5.02 40.50 45.52 WARN
r-release-macos-arm64 2.1.1 32.00 OK
r-release-macos-x86_64 2.1.1 99.00 OK
r-release-windows-x86_64 2.1.1 6.00 64.00 70.00 WARN
r-oldrel-macos-arm64 2.1.1 33.00 OK
r-oldrel-macos-x86_64 2.1.1 46.00 OK
r-oldrel-windows-x86_64 2.1.1 9.00 76.00 85.00 WARN

Check Details

Version: 2.1.1
Check: dependencies in R code
Result: WARN Missing or unexported object: ‘httr2::req_stream’ Flavors: r-devel-linux-x86_64-debian-clang, r-devel-linux-x86_64-debian-gcc, r-devel-linux-x86_64-fedora-clang, r-devel-linux-x86_64-fedora-gcc, r-devel-windows-x86_64, r-patched-linux-x86_64, r-release-linux-x86_64, r-release-windows-x86_64, r-oldrel-windows-x86_64