Last updated on 2025-10-24 04:50:53 CEST.
| Flavor | Version | Tinstall | Tcheck | Ttotal | Status | Flags |
|---|---|---|---|---|---|---|
| r-devel-linux-x86_64-debian-clang | 2.0.0 | 5.64 | 45.25 | 50.89 | OK | |
| r-devel-linux-x86_64-debian-gcc | 2.0.0 | 3.93 | 35.78 | 39.71 | OK | |
| r-devel-linux-x86_64-fedora-clang | 2.0.0 | 16.00 | 62.81 | 78.81 | OK | |
| r-devel-linux-x86_64-fedora-gcc | 2.0.0 | 13.00 | 65.32 | 78.32 | OK | |
| r-devel-windows-x86_64 | 2.0.0 | 7.00 | 56.00 | 63.00 | OK | |
| r-patched-linux-x86_64 | 2.0.0 | 5.24 | 42.29 | 47.53 | OK | |
| r-release-linux-x86_64 | 2.0.0 | 5.21 | 42.90 | 48.11 | OK | |
| r-release-macos-arm64 | 2.0.0 | 3.00 | 27.00 | 30.00 | OK | |
| r-release-macos-x86_64 | 2.0.0 | 5.00 | 37.00 | 42.00 | OK | |
| r-release-windows-x86_64 | 2.0.0 | 9.00 | 58.00 | 67.00 | OK | |
| r-oldrel-macos-arm64 | 2.0.0 | 2.00 | 22.00 | 24.00 | NOTE | |
| r-oldrel-macos-x86_64 | 2.0.0 | 4.00 | 32.00 | 36.00 | NOTE | |
| r-oldrel-windows-x86_64 | 2.0.0 | 10.00 | 70.00 | 80.00 | NOTE |
Version: 2.0.0
Check: LazyData
Result: NOTE
'LazyData' is specified without a 'data' directory
Flavors: r-oldrel-macos-arm64, r-oldrel-macos-x86_64, r-oldrel-windows-x86_64