Last updated on 2025-10-22 05:51:11 CEST.
Flavor | Version | Tinstall | Tcheck | Ttotal | Status | Flags |
---|---|---|---|---|---|---|
r-devel-linux-x86_64-debian-clang | 1.0.0 | 196.04 | 1527.48 | 1723.52 | NOTE | |
r-devel-linux-x86_64-debian-gcc | 1.0.0 | 126.11 | 1044.26 | 1170.37 | NOTE | |
r-devel-linux-x86_64-fedora-clang | 1.0.0 | 1020.00 | 1887.76 | 2907.76 | OK | |
r-devel-linux-x86_64-fedora-gcc | 1.0.0 | 412.00 | 2156.16 | 2568.16 | OK | |
r-devel-windows-x86_64 | 1.0.0 | 205.00 | 1401.00 | 1606.00 | OK | |
r-patched-linux-x86_64 | 1.0.0 | 180.64 | 1459.83 | 1640.47 | OK | |
r-release-linux-x86_64 | 1.0.0 | 180.63 | 1463.86 | 1644.49 | OK | |
r-release-macos-arm64 | 1.0.0 | 151.00 | 912.00 | 1063.00 | OK | |
r-release-macos-x86_64 | 1.0.0 | 167.00 | 1160.00 | 1327.00 | OK | |
r-release-windows-x86_64 | 1.0.0 | 199.00 | 1186.00 | 1385.00 | OK | |
r-oldrel-macos-arm64 | 1.0.0 | 153.00 | 920.00 | 1073.00 | NOTE | |
r-oldrel-macos-x86_64 | 1.0.0 | 195.00 | 1175.00 | 1370.00 | NOTE | |
r-oldrel-windows-x86_64 | 1.0.0 | 282.00 | 1928.00 | 2210.00 | NOTE |
Version: 1.0.0
Check: HTML version of manual
Result: NOTE
Found the following HTML validation problems:
geoflowLogger.html:126:1 (geoflowLogger.Rd:65): Warning: <h5> anchor "Usage" already defined
geoflowLogger.html:132:1 (geoflowLogger.Rd:69): Warning: <h5> anchor "Arguments" already defined
geoflowLogger.html:157:1 (geoflowLogger.Rd:84): Warning: <h5> anchor "Usage" already defined
geoflowLogger.html:163:1 (geoflowLogger.Rd:88): Warning: <h5> anchor "Arguments" already defined
geoflowLogger.html:188:1 (geoflowLogger.Rd:103): Warning: <h5> anchor "Usage" already defined
geoflowLogger.html:194:1 (geoflowLogger.Rd:107): Warning: <h5> anchor "Arguments" already defined
geoflowLogger.html:219:1 (geoflowLogger.Rd:122): Warning: <h5> anchor "Usage" already defined
geoflowLogger.html:225:1 (geoflowLogger.Rd:126): Warning: <h5> anchor "Arguments" already defined
geoflowLogger.html:250:1 (geoflowLogger.Rd:141): Warning: <h5> anchor "Usage" already defined
geoflowLogger.html:256:1 (geoflowLogger.Rd:145): Warning: <h5> anchor "Arguments" already defined
geoflowLogger.html:281:1 (geoflowLogger.Rd:160): Warning: <h5> anchor "Usage" already defined
geoflowLogger.html:287:1 (geoflowLogger.Rd:164): Warning: <h5> anchor "Arguments" already defined
geoflow_action.html:251:1 (geoflow_action.Rd:201): Warning: <h5> anchor "Usage" already defined
geoflow_action.html:257:1 (geoflow_action.Rd:205): Warning: <h5> anchor "Arguments" already defined
geoflow_action.html:283:1 (geoflow_action.Rd:221): Warning: <h5> anchor "Usage" already defined
geoflow_action.html:299:1 (geoflow_action.Rd:231): Warning: <h5> anchor "Usage" already defined
geoflow_action.html:305:1 (geoflow_action.Rd:235): Warning: <h5> anchor "Arguments" already defined
geoflow_action.html:330:1 (geoflow_action.Rd:250): Warning: <h5> anchor "Usage" already defined
geoflow_action.html:336:1 (geoflow_action.Rd:254): Warning: <h5> anchor "Arguments" already defined
geoflow_action.html:366:1 (geoflow_action.Rd:270): Warning: <h5> anchor "Usage" already defined
geoflow_action.html:372:1 (geoflow_action.Rd:274): Warning: <h5> anchor "Returns" already defined
geoflow_action.html:394:1 (geoflow_action.Rd:288): Warning: <h5> anchor "Usage" already defined
geoflow_action.html:400:1 (geoflow_action.Rd:292): Warning: <h5> anchor "Arguments" already defined
geoflow_action.html:425:1 (geoflow_action.Rd:307): Warning: <h5> anchor "Usage" already defined
geoflow_action.html:431:1 (geoflow_action.Rd:311): Warning: <h5> anchor "Returns" already defined
geoflow_action.html:448:1 (geoflow_action.Rd:320): Warning: <h5> anchor "Usage" already defined
geoflow_action.html:454:1 (geoflow_action.Rd:324): Warning: <h5> anchor "Arguments" already defined
geoflow_contact.html:190:1 (geoflow_contact.Rd:123): Warning: <h5> anchor "Usage" already defined
geoflow_contact.html:219:1 (geoflow_contact.Rd:140): Warning: <h5> anchor "Usage" already defined
geoflow_contact.html:242:1 (geoflow_contact.Rd:153): Warning: <h5> anchor "Usage" already defined
geoflow_contact.html:248:1 (geoflow_contact.Rd:157): Warning: <h5> anchor "Arguments" already defined
geoflow_contact.html:261:1 (geoflow_contact.Rd:164): Warning: <h5> anchor "Returns" already defined
geoflow_contact.html:278:1 (geoflow_contact.Rd:173): Warning: <h5> anchor "Usage" already defined
geoflow_contact.html:284:1 (geoflow_contact.Rd:177): Warning: <h5> anchor "Arguments" already defined
geoflow_contact.html:309:1 (geoflow_contact.Rd:192): Warning: <h5> anchor "Usage" already defined
geoflow_contact.html:315:1 (geoflow_contact.Rd:196): Warning: <h5> anchor "Arguments" already defined
geoflow_contact.html:338:1 (geoflow_contact.Rd:209): Warning: <h5> anchor "Usage" already defined
geoflow_contact.html:344:1 (geoflow_contact.Rd:213): Warning: <h5> anchor "Arguments" already defined
geoflow_contact.html:367:1 (geoflow_contact.Rd:226): Warning: <h5> anchor "Usage" already defined
geoflow_contact.html:373:1 (geoflow_contact.Rd:230): Warning: <h5> anchor "Arguments" already defined
geoflow_contact.html:396:1 (geoflow_contact.Rd:243): Warning: <h5> anchor "Usage" already defined
geoflow_contact.html:402:1 (geoflow_contact.Rd:247): Warning: <h5> anchor "Arguments" already defined
geoflow_contact.html:425:1 (geoflow_contact.Rd:260): Warning: <h5> anchor "Usage" already defined
geoflow_contact.html:431:1 (geoflow_contact.Rd:264): Warning: <h5> anchor "Arguments" already defined
geoflow_contact.html:454:1 (geoflow_contact.Rd:277): Warning: <h5> anchor "Usage" already defined
geoflow_contact.html:460:1 (geoflow_contact.Rd:281): Warning: <h5> anchor "Arguments" already defined
geoflow_contact.html:483:1 (geoflow_contact.Rd:294): Warning: <h5> anchor "Usage" already defined
geoflow_contact.html:489:1 (geoflow_contact.Rd:298): Warning: <h5> anchor "Arguments" already defined
geoflow_contact.html:512:1 (geoflow_contact.Rd:311): Warning: <h5> anchor "Usage" already defined
geoflow_contact.html:518:1 (geoflow_contact.Rd:315): Warning: <h5> anchor "Arguments" already defined
geoflow_contact.html:541:1 (geoflow_contact.Rd:328): Warning: <h5> anchor "Usage" already defined
geoflow_contact.html:547:1 (geoflow_contact.Rd:332): Warning: <h5> anchor "Arguments" already defined
geoflow_contact.html:570:1 (geoflow_contact.Rd:345): Warning: <h5> anchor "Usage" already defined
geoflow_contact.html:576:1 (geoflow_contact.Rd:349): Warning: <h5> anchor "Arguments" already defined
geoflow_contact.html:599:1 (geoflow_contact.Rd:362): Warning: <h5> anchor "Usage" already defined
geoflow_contact.html:605:1 (geoflow_contact.Rd:366): Warning: <h5> anchor "Arguments" already defined
geoflow_contact.html:628:1 (geoflow_contact.Rd:379): Warning: <h5> anchor "Usage" already defined
geoflow_contact.html:634:1 (geoflow_contact.Rd:383): Warning: <h5> anchor "Arguments" already defined
geoflow_contact.html:657:1 (geoflow_contact.Rd:396): Warning: <h5> anchor "Usage" already defined
geoflow_contact.html:663:1 (geoflow_contact.Rd:400): Warning: <h5> anchor "Arguments" already defined
geoflow_contact.html:686:1 (geoflow_contact.Rd:413): Warning: <h5> anchor "Usage" already defined
geoflow_contact.html:692:1 (geoflow_contact.Rd:417): Warning: <h5> anchor "Arguments" already defined
geoflow_contact.html:715:1 (geoflow_contact.Rd:430): Warning: <h5> anchor "Usage" already defined
geoflow_contact.html:721:1 (geoflow_contact.Rd:434): Warning: <h5> anchor "Arguments" already defined
geoflow_contact.html:744:1 (geoflow_contact.Rd:447): Warning: <h5> anchor "Usage" already defined
geoflow_contact.html:750:1 (geoflow_contact.Rd:451): Warning: <h5> anchor "Arguments" already defined
geoflow_contact.html:763:1 (geoflow_contact.Rd:458): Warning: <h5> anchor "Returns" already defined
geoflow_contact.html:780:1 (geoflow_contact.Rd:467): Warning: <h5> anchor "Usage" already defined
geoflow_contact.html:786:1 (geoflow_contact.Rd:471): Warning: <h5> anchor "Arguments" already defined
geoflow_data.html:344:1 (geoflow_data.Rd:190): Warning: <h5> anchor "Usage" already defined
geoflow_data.html:367:1 (geoflow_data.Rd:203): Warning: <h5> anchor "Usage" already defined
geoflow_data.html:373:1 (geoflow_data.Rd:207): Warning: <h5> anchor "Returns" already defined
geoflow_data.html:390:1 (geoflow_data.Rd:216): Warning: <h5> anchor "Usage" already defined
geoflow_data.html:396:1 (geoflow_data.Rd:220): Warning: <h5> anchor "Returns" already defined
geoflow_data.html:413:1 (geoflow_data.Rd:229): Warning: <h5> anchor "Usage" already defined
geoflow_data.html:419:1 (geoflow_data.Rd:233): Warning: <h5> anchor "Arguments" already defined
geoflow_data.html:442:1 (geoflow_data.Rd:246): Warning: <h5> anchor "Usage" already defined
geoflow_data.html:448:1 (geoflow_data.Rd:250): Warning: <h5> anchor "Returns" already defined
geoflow_data.html:468:1 (geoflow_data.Rd:262): Warning: <h5> anchor "Usage" already defined
geoflow_data.html:474:1 (geoflow_data.Rd:266): Warning: <h5> anchor "Arguments" already defined
geoflow_data.html:497:1 (geoflow_data.Rd:279): Warning: <h5> anchor "Usage" already defined
geoflow_data.html:503:1 (geoflow_data.Rd:283): Warning: <h5> anchor "Arguments" already defined
geoflow_data.html:526:1 (geoflow_data.Rd:296): Warning: <h5> anchor "Usage" already defined
geoflow_data.html:532:1 (geoflow_data.Rd:300): Warning: <h5> anchor "Arguments" already defined
geoflow_data.html:555:1 (geoflow_data.Rd:313): Warning: <h5> anchor "Usage" already defined
geoflow_data.html:561:1 (geoflow_data.Rd:317): Warning: <h5> anchor "Arguments" already defined
geoflow_data.html:584:1 (geoflow_data.Rd:330): Warning: <h5> anchor "Usage" already defined
geoflow_data.html:590:1 (geoflow_data.Rd:334): Warning: <h5> anchor "Arguments" already defined
geoflow_data.html:615:1 (geoflow_data.Rd:349): Warning: <h5> anchor "Usage" already defined
geoflow_data.html:621:1 (geoflow_data.Rd:353): Warning: <h5> anchor "Arguments" already defined
geoflow_data.html:646:1 (geoflow_data.Rd:368): Warning: <h5> anchor "Usage" already defined
geoflow_data.html:652:1 (geoflow_data.Rd:372): Warning: <h5> anchor "Arguments" already defined
geoflow_data.html:675:1 (geoflow_data.Rd:385): Warning: <h5> anchor "Usage" already defined
geoflow_data.html:681:1 (geoflow_data.Rd:389): Warning: <h5> anchor "Arguments" already defined
geoflow_data.html:704:1 (geoflow_data.Rd:402): Warning: <h5> anchor "Usage" already defined
geoflow_data.html:710:1 (geoflow_data.Rd:406): Warning: <h5> anchor "Arguments" already defined
geoflow_data.html:735:1 (geoflow_data.Rd:421): Warning: <h5> anchor "Usage" already defined
geoflow_data.html:741:1 (geoflow_data.Rd:425): Warning: <h5> anchor "Arguments" already defined
geoflow_data.html:764:1 (geoflow_data.Rd:438): Warning: <h5> anchor "Usage" already defined
geoflow_data.html:770:1 (geoflow_data.Rd:442): Warning: <h5> anchor "Returns" already defined
geoflow_data.html:789:1 (geoflow_data.Rd:453): Warning: <h5> anchor "Usage" already defined
geoflow_data.html:795:1 (geoflow_data.Rd:457): Warning: <h5> anchor "Arguments" already defined
geoflow_data.html:819:1 (geoflow_data.Rd:471): Warning: <h5> anchor "Usage" already defined
geoflow_data.html:825:1 (geoflow_data.Rd:475): Warning: <h5> anchor "Arguments" already defined
geoflow_data.html:848:1 (geoflow_data.Rd:488): Warning: <h5> anchor "Usage" already defined
geoflow_data.html:854:1 (geoflow_data.Rd:492): Warning: <h5> anchor "Arguments" already defined
geoflow_data.html:877:1 (geoflow_data.Rd:505): Warning: <h5> anchor "Usage" already defined
geoflow_data.html:883:1 (geoflow_data.Rd:509): Warning: <h5> anchor "Arguments" already defined
geoflow_data.html:907:1 (geoflow_data.Rd:523): Warning: <h5> anchor "Usage" already defined
geoflow_data.html:913:1 (geoflow_data.Rd:527): Warning: <h5> anchor "Arguments" already defined
geoflow_data.html:938:1 (geoflow_data.Rd:542): Warning: <h5> anchor "Usage" already defined
geoflow_data.html:944:1 (geoflow_data.Rd:546): Warning: <h5> anchor "Arguments" already defined
geoflow_data.html:969:1 (geoflow_data.Rd:561): Warning: <h5> anchor "Usage" already defined
geoflow_data.html:975:1 (geoflow_data.Rd:565): Warning: <h5> anchor "Arguments" already defined
geoflow_data.html:998:1 (geoflow_data.Rd:578): Warning: <h5> anchor "Usage" already defined
geoflow_data.html:1004:1 (geoflow_data.Rd:582): Warning: <h5> anchor "Arguments" already defined
geoflow_data.html:1027:1 (geoflow_data.Rd:595): Warning: <h5> anchor "Usage" already defined
geoflow_data.html:1033:1 (geoflow_data.Rd:599): Warning: <h5> anchor "Arguments" already defined
geoflow_data.html:1056:1 (geoflow_data.Rd:612): Warning: <h5> anchor "Usage" already defined
geoflow_data.html:1062:1 (geoflow_data.Rd:616): Warning: <h5> anchor "Arguments" already defined
geoflow_data.html:1085:1 (geoflow_data.Rd:629): Warning: <h5> anchor "Usage" already defined
geoflow_data.html:1091:1 (geoflow_data.Rd:633): Warning: <h5> anchor "Arguments" already defined
geoflow_data.html:1114:1 (geoflow_data.Rd:646): Warning: <h5> anchor "Usage" already defined
geoflow_data.html:1120:1 (geoflow_data.Rd:650): Warning: <h5> anchor "Arguments" already defined
geoflow_data.html:1143:1 (geoflow_data.Rd:663): Warning: <h5> anchor "Usage" already defined
geoflow_data.html:1149:1 (geoflow_data.Rd:667): Warning: <h5> anchor "Arguments" already defined
geoflow_data.html:1172:1 (geoflow_data.Rd:680): Warning: <h5> anchor "Usage" already defined
geoflow_data.html:1178:1 (geoflow_data.Rd:684): Warning: <h5> anchor "Arguments" already defined
geoflow_data.html:1203:1 (geoflow_data.Rd:699): Warning: <h5> anchor "Usage" already defined
geoflow_data.html:1209:1 (geoflow_data.Rd:703): Warning: <h5> anchor "Arguments" already defined
geoflow_data.html:1232:1 (geoflow_data.Rd:716): Warning: <h5> anchor "Usage" already defined
geoflow_data.html:1238:1 (geoflow_data.Rd:720): Warning: <h5> anchor "Returns" already defined
geoflow_data.html:1255:1 (geoflow_data.Rd:729): Warning: <h5> anchor "Usage" already defined
geoflow_data.html:1261:1 (geoflow_data.Rd:733): Warning: <h5> anchor "Arguments" already defined
geoflow_data.html:1284:1 (geoflow_data.Rd:746): Warning: <h5> anchor "Usage" already defined
geoflow_data.html:1290:1 (geoflow_data.Rd:750): Warning: <h5> anchor "Arguments" already defined
geoflow_data.html:1315:1 (geoflow_data.Rd:765): Warning: <h5> anchor "Usage" already defined
geoflow_data.html:1321:1 (geoflow_data.Rd:769): Warning: <h5> anchor "Arguments" already defined
geoflow_data.html:1347:1 (geoflow_data.Rd:785): Warning: <h5> anchor "Usage" already defined
geoflow_data.html:1353:1 (geoflow_data.Rd:789): Warning: <h5> anchor "Arguments" already defined
geoflow_data.html:1382:1 (geoflow_data.Rd:808): Warning: <h5> anchor "Usage" already defined
geoflow_data.html:1388:1 (geoflow_data.Rd:812): Warning: <h5> anchor "Arguments" already defined
geoflow_data.html:1411:1 (geoflow_data.Rd:825): Warning: <h5> anchor "Usage" already defined
geoflow_data.html:1417:1 (geoflow_data.Rd:829): Warning: <h5> anchor "Arguments" already defined
geoflow_data.html:1440:1 (geoflow_data.Rd:842): Warning: <h5> anchor "Usage" already defined
geoflow_data.html:1446:1 (geoflow_data.Rd:846): Warning: <h5> anchor "Arguments" already defined
geoflow_data.html:1469:1 (geoflow_data.Rd:859): Warning: <h5> anchor "Usage" already defined
geoflow_data.html:1475:1 (geoflow_data.Rd:863): Warning: <h5> anchor "Arguments" already defined
geoflow_data.html:1498:1 (geoflow_data.Rd:876): Warning: <h5> anchor "Usage" already defined
geoflow_data.html:1504:1 (geoflow_data.Rd:880): Warning: <h5> anchor "Arguments" already defined
geoflow_data.html:1527:1 (geoflow_data.Rd:893): Warning: <h5> anchor "Usage" already defined
geoflow_data.html:1533:1 (geoflow_data.Rd:897): Warning: <h5> anchor "Arguments" already defined
geoflow_data.html:1556:1 (geoflow_data.Rd:910): Warning: <h5> anchor "Usage" already defined
geoflow_data.html:1562:1 (geoflow_data.Rd:914): Warning: <h5> anchor "Arguments" already defined
geoflow_data.html:1585:1 (geoflow_data.Rd:927): Warning: <h5> anchor "Usage" already defined
geoflow_data.html:1591:1 (geoflow_data.Rd:931): Warning: <h5> anchor "Returns" already defined
geoflow_data.html:1608:1 (geoflow_data.Rd:940): Warning: <h5> anchor "Usage" already defined
geoflow_data.html:1614:1 (geoflow_data.Rd:944): Warning: <h5> anchor "Arguments" already defined
geoflow_data.html:1637:1 (geoflow_data.Rd:957): Warning: <h5> anchor "Usage" already defined
geoflow_data.html:1643:1 (geoflow_data.Rd:961): Warning: <h5> anchor "Arguments" already defined
geoflow_data.html:1666:1 (geoflow_data.Rd:974): Warning: <h5> anchor "Usage" already defined
geoflow_data.html:1672:1 (geoflow_data.Rd:978): Warning: <h5> anchor "Arguments" already defined
geoflow_data.html:1695:1 (geoflow_data.Rd:991): Warning: <h5> anchor "Usage" already defined
geoflow_data.html:1701:1 (geoflow_data.Rd:995): Warning: <h5> anchor "Arguments" already defined
geoflow_data.html:1726:1 (geoflow_data.Rd:1010): Warning: <h5> anchor "Usage" already defined
geoflow_data.html:1732:1 (geoflow_data.Rd:1014): Warning: <h5> anchor "Arguments" already defined
geoflow_data.html:1756:1 (geoflow_data.Rd:1028): Warning: <h5> anchor "Usage" already defined
geoflow_data.html:1762:1 (geoflow_data.Rd:1032): Warning: <h5> anchor "Arguments" already defined
geoflow_data.html:1785:1 (geoflow_data.Rd:1045): Warning: <h5> anchor "Usage" already defined
geoflow_data.html:1791:1 (geoflow_data.Rd:1049): Warning: <h5> anchor "Arguments" already defined
geoflow_data_accessor.html:178:1 (geoflow_data_accessor.Rd:122): Warning: <h5> anchor "Usage" already defined
geoflow_data_accessor.html:184:1 (geoflow_data_accessor.Rd:126): Warning: <h5> anchor "Arguments" already defined
geoflow_data_accessor.html:207:1 (geoflow_data_accessor.Rd:139): Warning: <h5> anchor "Usage" already defined
geoflow_data_accessor.html:213:1 (geoflow_data_accessor.Rd:143): Warning: <h5> anchor "Arguments" already defined
geoflow_data_accessor.html:236:1 (geoflow_data_accessor.Rd:156): Warning: <h5> anchor "Usage" already defined
geoflow_data_accessor.html:242:1 (geoflow_data_accessor.Rd:160): Warning: <h5> anchor "Arguments" already defined
geoflow_data_accessor.html:265:1 (geoflow_data_accessor.Rd:173): Warning: <h5> anchor "Usage" already defined
geoflow_data_accessor.html:271:1 (geoflow_data_accessor.Rd:177): Warning: <h5> anchor "Arguments" already defined
geoflow_data_accessor.html:295:1 (geoflow_data_accessor.Rd:191): Warning: <h5> anchor "Usage" already defined
geoflow_data_accessor.html:301:1 (geoflow_data_accessor.Rd:195): Warning: <h5> anchor "Arguments" already defined
geoflow_data_accessor.html:324:1 (geoflow_data_accessor.Rd:208): Warning: <h5> anchor "Usage" already defined
geoflow_data_accessor.html:330:1 (geoflow_data_accessor.Rd:212): Warning: <h5> anchor "Arguments" already defined
geoflow_data_accessor.html:356:1 (geoflow_data_accessor.Rd:228): Warning: <h5> anchor "Usage" already defined
geoflow_data_accessor.html:372:1 (geoflow_data_accessor.Rd:238): Warning: <h5> anchor "Usage" already defined
geoflow_data_accessor.html:378:1 (geoflow_data_accessor.Rd:242): Warning: <h5> anchor "Arguments" already defined
geoflow_date.html:108:1 (geoflow_date.Rd:64): Warning: <h5> anchor "Usage" already defined
geoflow_date.html:137:1 (geoflow_date.Rd:81): Warning: <h5> anchor "Usage" already defined
geoflow_date.html:143:1 (geoflow_date.Rd:85): Warning: <h5> anchor "Arguments" already defined
geoflow_date.html:166:1 (geoflow_date.Rd:98): Warning: <h5> anchor "Usage" already defined
geoflow_date.html:172:1 (geoflow_date.Rd:102): Warning: <h5> anchor "Arguments" already defined
geoflow_dictionary.html:125:1 (geoflow_dictionary.Rd:63): Warning: <h5> anchor "Usage" already defined
geoflow_dictionary.html:154:1 (geoflow_dictionary.Rd:80): Warning: <h5> anchor "Usage" already defined
geoflow_dictionary.html:177:1 (geoflow_dictionary.Rd:93): Warning: <h5> anchor "Usage" already defined
geoflow_dictionary.html:183:1 (geoflow_dictionary.Rd:97): Warning: <h5> anchor "Arguments" already defined
geoflow_dictionary.html:196:1 (geoflow_dictionary.Rd:104): Warning: <h5> anchor "Returns" already defined
geoflow_dictionary.html:213:1 (geoflow_dictionary.Rd:113): Warning: <h5> anchor "Usage" already defined
geoflow_dictionary.html:219:1 (geoflow_dictionary.Rd:117): Warning: <h5> anchor "Arguments" already defined
geoflow_dictionary.html:242:1 (geoflow_dictionary.Rd:130): Warning: <h5> anchor "Usage" already defined
geoflow_dictionary.html:248:1 (geoflow_dictionary.Rd:134): Warning: <h5> anchor "Returns" already defined
geoflow_dictionary.html:265:1 (geoflow_dictionary.Rd:143): Warning: <h5> anchor "Usage" already defined
geoflow_dictionary.html:271:1 (geoflow_dictionary.Rd:147): Warning: <h5> anchor "Arguments" already defined
geoflow_dictionary.html:284:1 (geoflow_dictionary.Rd:154): Warning: <h5> anchor "Returns" already defined
geoflow_dictionary.html:301:1 (geoflow_dictionary.Rd:163): Warning: <h5> anchor "Usage" already defined
geoflow_dictionary.html:307:1 (geoflow_dictionary.Rd:167): Warning: <h5> anchor "Arguments" already defined
geoflow_dictionary.html:330:1 (geoflow_dictionary.Rd:180): Warning: <h5> anchor "Usage" already defined
geoflow_dictionary.html:336:1 (geoflow_dictionary.Rd:184): Warning: <h5> anchor "Arguments" already defined
geoflow_dimension.html:128:1 (geoflow_dimension.Rd:80): Warning: <h5> anchor "Usage" already defined
geoflow_dimension.html:157:1 (geoflow_dimension.Rd:97): Warning: <h5> anchor "Usage" already defined
geoflow_dimension.html:163:1 (geoflow_dimension.Rd:101): Warning: <h5> anchor "Arguments" already defined
geoflow_dimension.html:188:1 (geoflow_dimension.Rd:116): Warning: <h5> anchor "Usage" already defined
geoflow_dimension.html:194:1 (geoflow_dimension.Rd:120): Warning: <h5> anchor "Arguments" already defined
geoflow_dimension.html:217:1 (geoflow_dimension.Rd:133): Warning: <h5> anchor "Usage" already defined
geoflow_dimension.html:223:1 (geoflow_dimension.Rd:137): Warning: <h5> anchor "Arguments" already defined
geoflow_dimension.html:246:1 (geoflow_dimension.Rd:150): Warning: <h5> anchor "Usage" already defined
geoflow_dimension.html:252:1 (geoflow_dimension.Rd:154): Warning: <h5> anchor "Arguments" already defined
geoflow_dimension.html:275:1 (geoflow_dimension.Rd:167): Warning: <h5> anchor "Usage" already defined
geoflow_dimension.html:281:1 (geoflow_dimension.Rd:171): Warning: <h5> anchor "Arguments" already defined
geoflow_dimension.html:304:1 (geoflow_dimension.Rd:184): Warning: <h5> anchor "Usage" already defined
geoflow_dimension.html:310:1 (geoflow_dimension.Rd:188): Warning: <h5> anchor "Arguments" already defined
geoflow_entity.html:290:1 (geoflow_entity.Rd:142): Warning: <h5> anchor "Usage" already defined
geoflow_entity.html:319:1 (geoflow_entity.Rd:159): Warning: <h5> anchor "Usage" already defined
geoflow_entity.html:342:1 (geoflow_entity.Rd:172): Warning: <h5> anchor "Usage" already defined
geoflow_entity.html:348:1 (geoflow_entity.Rd:176): Warning: <h5> anchor "Arguments" already defined
geoflow_entity.html:361:1 (geoflow_entity.Rd:183): Warning: <h5> anchor "Returns" already defined
geoflow_entity.html:378:1 (geoflow_entity.Rd:192): Warning: <h5> anchor "Usage" already defined
geoflow_entity.html:384:1 (geoflow_entity.Rd:196): Warning: <h5> anchor "Arguments" already defined
geoflow_entity.html:407:1 (geoflow_entity.Rd:209): Warning: <h5> anchor "Usage" already defined
geoflow_entity.html:413:1 (geoflow_entity.Rd:213): Warning: <h5> anchor "Arguments" already defined
geoflow_entity.html:438:1 (geoflow_entity.Rd:228): Warning: <h5> anchor "Usage" already defined
geoflow_entity.html:444:1 (geoflow_entity.Rd:232): Warning: <h5> anchor "Arguments" already defined
geoflow_entity.html:469:1 (geoflow_entity.Rd:247): Warning: <h5> anchor "Usage" already defined
geoflow_entity.html:475:1 (geoflow_entity.Rd:251): Warning: <h5> anchor "Arguments" already defined
geoflow_entity.html:498:1 (geoflow_entity.Rd:264): Warning: <h5> anchor "Usage" already defined
geoflow_entity.html:504:1 (geoflow_entity.Rd:268): Warning: <h5> anchor "Arguments" already defined
geoflow_entity.html:532:1 (geoflow_entity.Rd:286): Warning: <h5> anchor "Usage" already defined
geoflow_entity.html:538:1 (geoflow_entity.Rd:290): Warning: <h5> anchor "Arguments" already defined
geoflow_entity.html:563:1 (geoflow_entity.Rd:305): Warning: <h5> anchor "Usage" already defined
geoflow_entity.html:569:1 (geoflow_entity.Rd:309): Warning: <h5> anchor "Arguments" already defined
geoflow_entity.html:594:1 (geoflow_entity.Rd:324): Warning: <h5> anchor "Usage" already defined
geoflow_entity.html:600:1 (geoflow_entity.Rd:328): Warning: <h5> anchor "Arguments" already defined
geoflow_entity.html:625:1 (geoflow_entity.Rd:343): Warning: <h5> anchor "Usage" already defined
geoflow_entity.html:631:1 (geoflow_entity.Rd:347): Warning: <h5> anchor "Arguments" already defined
geoflow_entity.html:654:1 (geoflow_entity.Rd:360): Warning: <h5> anchor "Usage" already defined
geoflow_entity.html:660:1 (geoflow_entity.Rd:364): Warning: <h5> anchor "Arguments" already defined
geoflow_entity.html:683:1 (geoflow_entity.Rd:377): Warning: <h5> anchor "Usage" already defined
geoflow_entity.html:689:1 (geoflow_entity.Rd:381): Warning: <h5> anchor "Arguments" already defined
geoflow_entity.html:712:1 (geoflow_entity.Rd:394): Warning: <h5> anchor "Usage" already defined
geoflow_entity.html:718:1 (geoflow_entity.Rd:398): Warning: <h5> anchor "Arguments" already defined
geoflow_entity.html:741:1 (geoflow_entity.Rd:411): Warning: <h5> anchor "Usage" already defined
geoflow_entity.html:747:1 (geoflow_entity.Rd:415): Warning: <h5> anchor "Arguments" already defined
geoflow_entity.html:773:1 (geoflow_entity.Rd:431): Warning: <h5> anchor "Usage" already defined
geoflow_entity.html:779:1 (geoflow_entity.Rd:435): Warning: <h5> anchor "Arguments" already defined
geoflow_entity.html:810:1 (geoflow_entity.Rd:456): Warning: <h5> anchor "Usage" already defined
geoflow_entity.html:816:1 (geoflow_entity.Rd:460): Warning: <h5> anchor "Arguments" already defined
geoflow_entity.html:845:1 (geoflow_entity.Rd:479): Warning: <h5> anchor "Usage" already defined
geoflow_entity.html:861:1 (geoflow_entity.Rd:489): Warning: <h5> anchor "Usage" already defined
geoflow_entity.html:867:1 (geoflow_entity.Rd:493): Warning: <h5> anchor "Arguments" already defined
geoflow_entity.html:890:1 (geoflow_entity.Rd:506): Warning: <h5> anchor "Usage" already defined
geoflow_entity.html:896:1 (geoflow_entity.Rd:510): Warning: <h5> anchor "Arguments" already defined
geoflow_entity.html:919:1 (geoflow_entity.Rd:523): Warning: <h5> anchor "Usage" already defined
geoflow_entity.html:925:1 (geoflow_entity.Rd:527): Warning: <h5> anchor "Arguments" already defined
geoflow_entity.html:948:1 (geoflow_entity.Rd:540): Warning: <h5> anchor "Usage" already defined
geoflow_entity.html:954:1 (geoflow_entity.Rd:544): Warning: <h5> anchor "Arguments" already defined
geoflow_entity.html:977:1 (geoflow_entity.Rd:557): Warning: <h5> anchor "Usage" already defined
geoflow_entity.html:983:1 (geoflow_entity.Rd:561): Warning: <h5> anchor "Arguments" already defined
geoflow_entity.html:1007:1 (geoflow_entity.Rd:575): Warning: <h5> anchor "Usage" already defined
geoflow_entity.html:1013:1 (geoflow_entity.Rd:579): Warning: <h5> anchor "Returns" already defined
geoflow_entity.html:1030:1 (geoflow_entity.Rd:588): Warning: <h5> anchor "Usage" already defined
geoflow_entity.html:1036:1 (geoflow_entity.Rd:592): Warning: <h5> anchor "Arguments" already defined
geoflow_entity.html:1051:1 (geoflow_entity.Rd:601): Warning: <h5> anchor "Returns" already defined
geoflow_entity.html:1070:1 (geoflow_entity.Rd:612): Warning: <h5> anchor "Usage" already defined
geoflow_entity.html:1076:1 (geoflow_entity.Rd:616): Warning: <h5> anchor "Arguments" already defined
geoflow_entity.html:1103:1 (geoflow_entity.Rd:633): Warning: <h5> anchor "Usage" already defined
geoflow_entity.html:1109:1 (geoflow_entity.Rd:637): Warning: <h5> anchor "Arguments" already defined
geoflow_entity.html:1135:1 (geoflow_entity.Rd:653): Warning: <h5> anchor "Usage" already defined
geoflow_entity.html:1141:1 (geoflow_entity.Rd:657): Warning: <h5> anchor "Arguments" already defined
geoflow_entity.html:1164:1 (geoflow_entity.Rd:670): Warning: <h5> anchor "Usage" already defined
geoflow_entity.html:1170:1 (geoflow_entity.Rd:674): Warning: <h5> anchor "Arguments" already defined
geoflow_entity.html:1197:1 (geoflow_entity.Rd:691): Warning: <h5> anchor "Usage" already defined
geoflow_entity.html:1203:1 (geoflow_entity.Rd:695): Warning: <h5> anchor "Arguments" already defined
geoflow_entity.html:1230:1 (geoflow_entity.Rd:712): Warning: <h5> anchor "Usage" already defined
geoflow_entity.html:1236:1 (geoflow_entity.Rd:716): Warning: <h5> anchor "Arguments" already defined
geoflow_entity.html:1261:1 (geoflow_entity.Rd:731): Warning: <h5> anchor "Usage" already defined
geoflow_entity.html:1267:1 (geoflow_entity.Rd:735): Warning: <h5> anchor "Arguments" already defined
geoflow_entity.html:1294:1 (geoflow_entity.Rd:752): Warning: <h5> anchor "Usage" already defined
geoflow_entity.html:1300:1 (geoflow_entity.Rd:756): Warning: <h5> anchor "Arguments" already defined
geoflow_entity.html:1326:1 (geoflow_entity.Rd:772): Warning: <h5> anchor "Usage" already defined
geoflow_entity.html:1332:1 (geoflow_entity.Rd:776): Warning: <h5> anchor "Arguments" already defined
geoflow_entity.html:1355:1 (geoflow_entity.Rd:789): Warning: <h5> anchor "Usage" already defined
geoflow_entity.html:1361:1 (geoflow_entity.Rd:793): Warning: <h5> anchor "Arguments" already defined
geoflow_entity.html:1395:1 (geoflow_entity.Rd:817): Warning: <h5> anchor "Usage" already defined
geoflow_entity.html:1401:1 (geoflow_entity.Rd:821): Warning: <h5> anchor "Arguments" already defined
geoflow_entity.html:1425:1 (geoflow_entity.Rd:835): Warning: <h5> anchor "Usage" already defined
geoflow_entity.html:1431:1 (geoflow_entity.Rd:839): Warning: <h5> anchor "Arguments" already defined
geoflow_entity.html:1456:1 (geoflow_entity.Rd:854): Warning: <h5> anchor "Usage" already defined
geoflow_entity.html:1462:1 (geoflow_entity.Rd:858): Warning: <h5> anchor "Arguments" already defined
geoflow_entity.html:1485:1 (geoflow_entity.Rd:871): Warning: <h5> anchor "Usage" already defined
geoflow_entity.html:1491:1 (geoflow_entity.Rd:875): Warning: <h5> anchor "Arguments" already defined
geoflow_entity.html:1514:1 (geoflow_entity.Rd:888): Warning: <h5> anchor "Usage" already defined
geoflow_entity.html:1520:1 (geoflow_entity.Rd:892): Warning: <h5> anchor "Arguments" already defined
geoflow_entity.html:1543:1 (geoflow_entity.Rd:905): Warning: <h5> anchor "Usage" already defined
geoflow_entity.html:1549:1 (geoflow_entity.Rd:909): Warning: <h5> anchor "Arguments" already defined
geoflow_entity.html:1562:1 (geoflow_entity.Rd:916): Warning: <h5> anchor "Returns" already defined
geoflow_entity.html:1579:1 (geoflow_entity.Rd:925): Warning: <h5> anchor "Usage" already defined
geoflow_entity.html:1585:1 (geoflow_entity.Rd:929): Warning: <h5> anchor "Arguments" already defined
geoflow_entity.html:1600:1 (geoflow_entity.Rd:938): Warning: <h5> anchor "Returns" already defined
geoflow_entity.html:1617:1 (geoflow_entity.Rd:947): Warning: <h5> anchor "Usage" already defined
geoflow_entity.html:1623:1 (geoflow_entity.Rd:951): Warning: <h5> anchor "Arguments" already defined
geoflow_entity.html:1636:1 (geoflow_entity.Rd:958): Warning: <h5> anchor "Returns" already defined
geoflow_entity.html:1655:1 (geoflow_entity.Rd:969): Warning: <h5> anchor "Usage" already defined
geoflow_entity.html:1661:1 (geoflow_entity.Rd:973): Warning: <h5> anchor "Arguments" already defined
geoflow_entity.html:1686:1 (geoflow_entity.Rd:988): Warning: <h5> anchor "Usage" already defined
geoflow_entity.html:1692:1 (geoflow_entity.Rd:992): Warning: <h5> anchor "Arguments" already defined
geoflow_entity.html:1709:1 (geoflow_entity.Rd:1003): Warning: <h5> anchor "Returns" already defined
geoflow_entity.html:1726:1 (geoflow_entity.Rd:1012): Warning: <h5> anchor "Usage" already defined
geoflow_entity.html:1732:1 (geoflow_entity.Rd:1016): Warning: <h5> anchor "Arguments" already defined
geoflow_entity.html:1747:1 (geoflow_entity.Rd:1025): Warning: <h5> anchor "Returns" already defined
geoflow_entity.html:1764:1 (geoflow_entity.Rd:1034): Warning: <h5> anchor "Usage" already defined
geoflow_entity.html:1770:1 (geoflow_entity.Rd:1038): Warning: <h5> anchor "Arguments" already defined
geoflow_entity.html:1785:1 (geoflow_entity.Rd:1047): Warning: <h5> anchor "Returns" already defined
geoflow_entity.html:1802:1 (geoflow_entity.Rd:1056): Warning: <h5> anchor "Usage" already defined
geoflow_entity.html:1808:1 (geoflow_entity.Rd:1060): Warning: <h5> anchor "Arguments" already defined
geoflow_entity.html:1833:1 (geoflow_entity.Rd:1075): Warning: <h5> anchor "Usage" already defined
geoflow_entity.html:1839:1 (geoflow_entity.Rd:1079): Warning: <h5> anchor "Arguments" already defined
geoflow_entity.html:1852:1 (geoflow_entity.Rd:1086): Warning: <h5> anchor "Returns" already defined
geoflow_entity.html:1869:1 (geoflow_entity.Rd:1095): Warning: <h5> anchor "Usage" already defined
geoflow_entity.html:1875:1 (geoflow_entity.Rd:1099): Warning: <h5> anchor "Arguments" already defined
geoflow_featuremember.html:165:1 (geoflow_featuremember.Rd:109): Warning: <h5> anchor "Usage" already defined
geoflow_featuremember.html:188:1 (geoflow_featuremember.Rd:122): Warning: <h5> anchor "Usage" already defined
geoflow_featuremember.html:194:1 (geoflow_featuremember.Rd:126): Warning: <h5> anchor "Arguments" already defined
geoflow_featuretype.html:127:1 (geoflow_featuretype.Rd:65): Warning: <h5> anchor "Usage" already defined
geoflow_featuretype.html:133:1 (geoflow_featuretype.Rd:69): Warning: <h5> anchor "Arguments" already defined
geoflow_featuretype.html:156:1 (geoflow_featuretype.Rd:82): Warning: <h5> anchor "Usage" already defined
geoflow_featuretype.html:179:1 (geoflow_featuretype.Rd:95): Warning: <h5> anchor "Usage" already defined
geoflow_featuretype.html:185:1 (geoflow_featuretype.Rd:99): Warning: <h5> anchor "Arguments" already defined
geoflow_featuretype.html:198:1 (geoflow_featuretype.Rd:106): Warning: <h5> anchor "Returns" already defined
geoflow_featuretype.html:215:1 (geoflow_featuretype.Rd:115): Warning: <h5> anchor "Usage" already defined
geoflow_featuretype.html:221:1 (geoflow_featuretype.Rd:119): Warning: <h5> anchor "Returns" already defined
geoflow_featuretype.html:238:1 (geoflow_featuretype.Rd:128): Warning: <h5> anchor "Usage" already defined
geoflow_featuretype.html:244:1 (geoflow_featuretype.Rd:132): Warning: <h5> anchor "Arguments" already defined
geoflow_format.html:131:1 (geoflow_format.Rd:81): Warning: <h5> anchor "Usage" already defined
geoflow_format.html:137:1 (geoflow_format.Rd:85): Warning: <h5> anchor "Arguments" already defined
geoflow_format.html:160:1 (geoflow_format.Rd:98): Warning: <h5> anchor "Usage" already defined
geoflow_format.html:166:1 (geoflow_format.Rd:102): Warning: <h5> anchor "Arguments" already defined
geoflow_format.html:189:1 (geoflow_format.Rd:115): Warning: <h5> anchor "Usage" already defined
geoflow_format.html:195:1 (geoflow_format.Rd:119): Warning: <h5> anchor "Arguments" already defined
geoflow_format.html:218:1 (geoflow_format.Rd:132): Warning: <h5> anchor "Usage" already defined
geoflow_format.html:224:1 (geoflow_format.Rd:136): Warning: <h5> anchor "Arguments" already defined
geoflow_format.html:247:1 (geoflow_format.Rd:149): Warning: <h5> anchor "Usage" already defined
geoflow_format.html:253:1 (geoflow_format.Rd:153): Warning: <h5> anchor "Arguments" already defined
geoflow_handler.html:192:1 (geoflow_handler.Rd:148): Warning: <h5> anchor "Usage" already defined
geoflow_handler.html:198:1 (geoflow_handler.Rd:152): Warning: <h5> anchor "Arguments" already defined
geoflow_handler.html:224:1 (geoflow_handler.Rd:168): Warning: <h5> anchor "Usage" already defined
geoflow_handler.html:240:1 (geoflow_handler.Rd:178): Warning: <h5> anchor "Usage" already defined
geoflow_handler.html:246:1 (geoflow_handler.Rd:182): Warning: <h5> anchor "Arguments" already defined
geoflow_handler.html:276:1 (geoflow_handler.Rd:198): Warning: <h5> anchor "Usage" already defined
geoflow_handler.html:282:1 (geoflow_handler.Rd:202): Warning: <h5> anchor "Arguments" already defined
geoflow_keyword.html:123:1 (geoflow_keyword.Rd:73): Warning: <h5> anchor "Usage" already defined
geoflow_keyword.html:129:1 (geoflow_keyword.Rd:77): Warning: <h5> anchor "Arguments" already defined
geoflow_keyword.html:152:1 (geoflow_keyword.Rd:90): Warning: <h5> anchor "Usage" already defined
geoflow_keyword.html:158:1 (geoflow_keyword.Rd:94): Warning: <h5> anchor "Arguments" already defined
geoflow_keyword.html:181:1 (geoflow_keyword.Rd:107): Warning: <h5> anchor "Usage" already defined
geoflow_keyword.html:187:1 (geoflow_keyword.Rd:111): Warning: <h5> anchor "Arguments" already defined
geoflow_kvp.html:130:1 (geoflow_kvp.Rd:70): Warning: <h5> anchor "Usage" already defined
geoflow_kvp.html:136:1 (geoflow_kvp.Rd:74): Warning: <h5> anchor "Arguments" already defined
geoflow_kvp.html:159:1 (geoflow_kvp.Rd:87): Warning: <h5> anchor "Usage" already defined
geoflow_kvp.html:165:1 (geoflow_kvp.Rd:91): Warning: <h5> anchor "Arguments" already defined
geoflow_kvp.html:188:1 (geoflow_kvp.Rd:104): Warning: <h5> anchor "Usage" already defined
geoflow_kvp.html:194:1 (geoflow_kvp.Rd:108): Warning: <h5> anchor "Arguments" already defined
geoflow_kvp.html:217:1 (geoflow_kvp.Rd:121): Warning: <h5> anchor "Usage" already defined
geoflow_kvp.html:223:1 (geoflow_kvp.Rd:125): Warning: <h5> anchor "Arguments" already defined
geoflow_process.html:113:1 (geoflow_process.Rd:69): Warning: <h5> anchor "Usage" already defined
geoflow_process.html:142:1 (geoflow_process.Rd:86): Warning: <h5> anchor "Usage" already defined
geoflow_process.html:148:1 (geoflow_process.Rd:90): Warning: <h5> anchor "Arguments" already defined
geoflow_process.html:171:1 (geoflow_process.Rd:103): Warning: <h5> anchor "Usage" already defined
geoflow_process.html:177:1 (geoflow_process.Rd:107): Warning: <h5> anchor "Arguments" already defined
geoflow_process.html:200:1 (geoflow_process.Rd:120): Warning: <h5> anchor "Usage" already defined
geoflow_process.html:206:1 (geoflow_process.Rd:124): Warning: <h5> anchor "Arguments" already defined
geoflow_profile.html:133:1 (geoflow_profile.Rd:82): Warning: <h5> anchor "Usage" already defined
geoflow_profile.html:162:1 (geoflow_profile.Rd:99): Warning: <h5> anchor "Usage" already defined
geoflow_profile.html:168:1 (geoflow_profile.Rd:103): Warning: <h5> anchor "Arguments" already defined
geoflow_profile.html:191:1 (geoflow_profile.Rd:116): Warning: <h5> anchor "Usage" already defined
geoflow_profile.html:197:1 (geoflow_profile.Rd:120): Warning: <h5> anchor "Arguments" already defined
geoflow_profile.html:220:1 (geoflow_profile.Rd:133): Warning: <h5> anchor "Usage" already defined
geoflow_profile.html:226:1 (geoflow_profile.Rd:137): Warning: <h5> anchor "Arguments" already defined
geoflow_profile.html:249:1 (geoflow_profile.Rd:150): Warning: <h5> anchor "Usage" already defined
geoflow_profile.html:255:1 (geoflow_profile.Rd:154): Warning: <h5> anchor "Arguments" already defined
geoflow_profile.html:278:1 (geoflow_profile.Rd:167): Warning: <h5> anchor "Usage" already defined
geoflow_profile.html:284:1 (geoflow_profile.Rd:171): Warning: <h5> anchor "Arguments" already defined
geoflow_profile.html:307:1 (geoflow_profile.Rd:184): Warning: <h5> anchor "Usage" already defined
geoflow_profile.html:313:1 (geoflow_profile.Rd:188): Warning: <h5> anchor "Arguments" already defined
geoflow_profile.html:338:1 (geoflow_profile.Rd:203): Warning: <h5> anchor "Usage" already defined
geoflow_profile.html:344:1 (geoflow_profile.Rd:207): Warning: <h5> anchor "Arguments" already defined
geoflow_provenance.html:121:1 (geoflow_provenance.Rd:78): Warning: <h5> anchor "Usage" already defined
geoflow_provenance.html:127:1 (geoflow_provenance.Rd:82): Warning: <h5> anchor "Arguments" already defined
geoflow_provenance.html:150:1 (geoflow_provenance.Rd:95): Warning: <h5> anchor "Usage" already defined
geoflow_provenance.html:156:1 (geoflow_provenance.Rd:99): Warning: <h5> anchor "Arguments" already defined
geoflow_provenance.html:179:1 (geoflow_provenance.Rd:112): Warning: <h5> anchor "Usage" already defined
geoflow_provenance.html:185:1 (geoflow_provenance.Rd:116): Warning: <h5> anchor "Arguments" already defined
geoflow_register.html:129:1 (geoflow_register.Rd:81): Warning: <h5> anchor "Usage" already defined
geoflow_register.html:135:1 (geoflow_register.Rd:85): Warning: <h5> anchor "Arguments" already defined
geoflow_register.html:160:1 (geoflow_register.Rd:100): Warning: <h5> anchor "Usage" already defined
geoflow_register.html:166:1 (geoflow_register.Rd:104): Warning: <h5> anchor "Arguments" already defined
geoflow_register.html:189:1 (geoflow_register.Rd:117): Warning: <h5> anchor "Usage" already defined
geoflow_register.html:195:1 (geoflow_register.Rd:121): Warning: <h5> anchor "Arguments" already defined
geoflow_relation.html:136:1 (geoflow_relation.Rd:83): Warning: <h5> anchor "Usage" already defined
geoflow_relation.html:142:1 (geoflow_relation.Rd:87): Warning: <h5> anchor "Arguments" already defined
geoflow_relation.html:165:1 (geoflow_relation.Rd:100): Warning: <h5> anchor "Usage" already defined
geoflow_relation.html:171:1 (geoflow_relation.Rd:104): Warning: <h5> anchor "Arguments" already defined
geoflow_relation.html:194:1 (geoflow_relation.Rd:117): Warning: <h5> anchor "Usage" already defined
geoflow_relation.html:200:1 (geoflow_relation.Rd:121): Warning: <h5> anchor "Arguments" already defined
geoflow_relation.html:223:1 (geoflow_relation.Rd:134): Warning: <h5> anchor "Usage" already defined
geoflow_relation.html:229:1 (geoflow_relation.Rd:138): Warning: <h5> anchor "Arguments" already defined
geoflow_relation.html:252:1 (geoflow_relation.Rd:151): Warning: <h5> anchor "Usage" already defined
geoflow_relation.html:258:1 (geoflow_relation.Rd:155): Warning: <h5> anchor "Arguments" already defined
geoflow_relation.html:281:1 (geoflow_relation.Rd:168): Warning: <h5> anchor "Usage" already defined
geoflow_relation.html:287:1 (geoflow_relation.Rd:172): Warning: <h5> anchor "Arguments" already defined
geoflow_right.html:123:1 (geoflow_right.Rd:73): Warning: <h5> anchor "Usage" already defined
geoflow_right.html:129:1 (geoflow_right.Rd:77): Warning: <h5> anchor "Arguments" already defined
geoflow_right.html:152:1 (geoflow_right.Rd:90): Warning: <h5> anchor "Usage" already defined
geoflow_right.html:158:1 (geoflow_right.Rd:94): Warning: <h5> anchor "Arguments" already defined
geoflow_right.html:181:1 (geoflow_right.Rd:107): Warning: <h5> anchor "Usage" already defined
geoflow_right.html:187:1 (geoflow_right.Rd:111): Warning: <h5> anchor "Arguments" already defined
geoflow_skos_vocabulary.html:478:1 (geoflow_skos_vocabulary.Rd:279): Warning: missing </ul> before </div>
geoflow_skos_vocabulary.html:162:1 (geoflow_skos_vocabulary.Rd:87): Warning: <h5> anchor "Usage" already defined
geoflow_skos_vocabulary.html:168:1 (geoflow_skos_vocabulary.Rd:91): Warning: <h5> anchor "Arguments" already defined
geoflow_skos_vocabulary.html:202:1 (geoflow_skos_vocabulary.Rd:111): Warning: <h5> anchor "Usage" already defined
geoflow_skos_vocabulary.html:208:1 (geoflow_skos_vocabulary.Rd:115): Warning: <h5> anchor "Returns" already defined
geoflow_skos_vocabulary.html:225:1 (geoflow_skos_vocabulary.Rd:124): Warning: <h5> anchor "Usage" already defined
geoflow_skos_vocabulary.html:241:1 (geoflow_skos_vocabulary.Rd:134): Warning: <h5> anchor "Usage" already defined
geoflow_skos_vocabulary.html:251:1 (geoflow_skos_vocabulary.Rd:142): Warning: <h5> anchor "Arguments" already defined
geoflow_skos_vocabulary.html:268:1 (geoflow_skos_vocabulary.Rd:153): Warning: <h5> anchor "Returns" already defined
geoflow_skos_vocabulary.html:285:1 (geoflow_skos_vocabulary.Rd:162): Warning: <h5> anchor "Usage" already defined
geoflow_skos_vocabulary.html:295:1 (geoflow_skos_vocabulary.Rd:170): Warning: <h5> anchor "Arguments" already defined
geoflow_skos_vocabulary.html:312:1 (geoflow_skos_vocabulary.Rd:181): Warning: <h5> anchor "Returns" already defined
geoflow_skos_vocabulary.html:329:1 (geoflow_skos_vocabulary.Rd:190): Warning: <h5> anchor "Usage" already defined
geoflow_skos_vocabulary.html:335:1 (geoflow_skos_vocabulary.Rd:194): Warning: <h5> anchor "Arguments" already defined
geoflow_skos_vocabulary.html:350:1 (geoflow_skos_vocabulary.Rd:203): Warning: <h5> anchor "Returns" already defined
geoflow_skos_vocabulary.html:367:1 (geoflow_skos_vocabulary.Rd:212): Warning: <h5> anchor "Usage" already defined
geoflow_skos_vocabulary.html:377:1 (geoflow_skos_vocabulary.Rd:220): Warning: <h5> anchor "Arguments" already defined
geoflow_skos_vocabulary.html:394:1 (geoflow_skos_vocabulary.Rd:231): Warning: <h5> anchor "Returns" already defined
geoflow_skos_vocabulary.html:411:1 (geoflow_skos_vocabulary.Rd:240): Warning: <h5> anchor "Usage" already defined
geoflow_skos_vocabulary.html:421:1 (geoflow_skos_vocabulary.Rd:248): Warning: <h5> anchor "Arguments" already defined
geoflow_skos_vocabulary.html:438:1 (geoflow_skos_vocabulary.Rd:259): Warning: <h5> anchor "Returns" already defined
geoflow_skos_vocabulary.html:455:1 (geoflow_skos_vocabulary.Rd:268): Warning: <h5> anchor "Usage" already defined
geoflow_skos_vocabulary.html:461:1 (geoflow_skos_vocabulary.Rd:272): Warning: <h5> anchor "Arguments" already defined
geoflow_software.html:215:1 (geoflow_software.Rd:151): Warning: <h5> anchor "Usage" already defined
geoflow_software.html:221:1 (geoflow_software.Rd:155): Warning: <h5> anchor "Arguments" already defined
geoflow_software.html:244:1 (geoflow_software.Rd:168): Warning: <h5> anchor "Usage" already defined
geoflow_software.html:250:1 (geoflow_software.Rd:172): Warning: <h5> anchor "Arguments" already defined
geoflow_software.html:273:1 (geoflow_software.Rd:185): Warning: <h5> anchor "Usage" already defined
geoflow_software.html:279:1 (geoflow_software.Rd:189): Warning: <h5> anchor "Arguments" already defined
geoflow_software.html:302:1 (geoflow_software.Rd:202): Warning: <h5> anchor "Usage" already defined
geoflow_software.html:308:1 (geoflow_software.Rd:206): Warning: <h5> anchor "Arguments" already defined
geoflow_software.html:331:1 (geoflow_software.Rd:219): Warning: <h5> anchor "Usage" already defined
geoflow_software.html:337:1 (geoflow_software.Rd:223): Warning: <h5> anchor "Arguments" already defined
geoflow_software.html:360:1 (geoflow_software.Rd:236): Warning: <h5> anchor "Usage" already defined
geoflow_software.html:366:1 (geoflow_software.Rd:240): Warning: <h5> anchor "Arguments" already defined
geoflow_software.html:389:1 (geoflow_software.Rd:253): Warning: <h5> anchor "Usage" already defined
geoflow_software.html:395:1 (geoflow_software.Rd:257): Warning: <h5> anchor "Arguments" already defined
geoflow_software.html:418:1 (geoflow_software.Rd:270): Warning: <h5> anchor "Usage" already defined
geoflow_software.html:424:1 (geoflow_software.Rd:274): Warning: <h5> anchor "Arguments" already defined
geoflow_software.html:447:1 (geoflow_software.Rd:287): Warning: <h5> anchor "Usage" already defined
geoflow_software.html:453:1 (geoflow_software.Rd:291): Warning: <h5> anchor "Arguments" already defined
geoflow_software.html:476:1 (geoflow_software.Rd:304): Warning: <h5> anchor "Usage" already defined
geoflow_software.html:482:1 (geoflow_software.Rd:308): Warning: <h5> anchor "Arguments" already defined
geoflow_software.html:505:1 (geoflow_software.Rd:321): Warning: <h5> anchor "Usage" already defined
geoflow_software.html:511:1 (geoflow_software.Rd:325): Warning: <h5> anchor "Arguments" already defined
geoflow_software.html:537:1 (geoflow_software.Rd:341): Warning: <h5> anchor "Usage" already defined
geoflow_software.html:553:1 (geoflow_software.Rd:351): Warning: <h5> anchor "Usage" already defined
geoflow_software.html:576:1 (geoflow_software.Rd:364): Warning: <h5> anchor "Usage" already defined
geoflow_software.html:582:1 (geoflow_software.Rd:368): Warning: <h5> anchor "Arguments" already defined
geoflow_subject.html:141:1 (geoflow_subject.Rd:87): Warning: <h5> anchor "Usage" already defined
geoflow_subject.html:147:1 (geoflow_subject.Rd:91): Warning: <h5> anchor "Arguments" already defined
geoflow_subject.html:170:1 (geoflow_subject.Rd:104): Warning: <h5> anchor "Usage" already defined
geoflow_subject.html:176:1 (geoflow_subject.Rd:108): Warning: <h5> anchor "Arguments" already defined
geoflow_subject.html:199:1 (geoflow_subject.Rd:121): Warning: <h5> anchor "Usage" already defined
geoflow_subject.html:205:1 (geoflow_subject.Rd:125): Warning: <h5> anchor "Arguments" already defined
geoflow_subject.html:228:1 (geoflow_subject.Rd:138): Warning: <h5> anchor "Usage" already defined
geoflow_subject.html:234:1 (geoflow_subject.Rd:142): Warning: <h5> anchor "Arguments" already defined
geoflow_subject.html:259:1 (geoflow_subject.Rd:157): Warning: <h5> anchor "Usage" already defined
geoflow_subject.html:265:1 (geoflow_subject.Rd:161): Warning: <h5> anchor "Arguments" already defined
geoflow_subject.html:290:1 (geoflow_subject.Rd:176): Warning: <h5> anchor "Usage" already defined
geoflow_subject.html:296:1 (geoflow_subject.Rd:180): Warning: <h5> anchor "Arguments" already defined
geoflow_subject.html:326:1 (geoflow_subject.Rd:196): Warning: <h5> anchor "Usage" already defined
geoflow_subject.html:332:1 (geoflow_subject.Rd:200): Warning: <h5> anchor "Arguments" already defined
geoflow_validator.html:191:1 (geoflow_validator.Rd:100): Warning: missing </ul> before </div>
geoflow_validator.html:107:1 (geoflow_validator.Rd:54): Warning: <h5> anchor "Usage" already defined
geoflow_validator.html:130:1 (geoflow_validator.Rd:67): Warning: <h5> anchor "Usage" already defined
geoflow_validator.html:136:1 (geoflow_validator.Rd:71): Warning: <h5> anchor "Arguments" already defined
geoflow_validator.html:151:1 (geoflow_validator.Rd:80): Warning: <h5> anchor "Returns" already defined
geoflow_validator.html:168:1 (geoflow_validator.Rd:89): Warning: <h5> anchor "Usage" already defined
geoflow_validator.html:174:1 (geoflow_validator.Rd:93): Warning: <h5> anchor "Arguments" already defined
geoflow_validator_cell.html:388:1 (geoflow_validator_cell.Rd:219): Warning: missing </ul> before </div>
geoflow_validator_cell.html:158:1 (geoflow_validator_cell.Rd:91): Warning: <h5> anchor "Usage" already defined
geoflow_validator_cell.html:181:1 (geoflow_validator_cell.Rd:104): Warning: <h5> anchor "Usage" already defined
geoflow_validator_cell.html:187:1 (geoflow_validator_cell.Rd:108): Warning: <h5> anchor "Returns" already defined
geoflow_validator_cell.html:204:1 (geoflow_validator_cell.Rd:117): Warning: <h5> anchor "Usage" already defined
geoflow_validator_cell.html:210:1 (geoflow_validator_cell.Rd:121): Warning: <h5> anchor "Returns" already defined
geoflow_validator_cell.html:227:1 (geoflow_validator_cell.Rd:130): Warning: <h5> anchor "Usage" already defined
geoflow_validator_cell.html:233:1 (geoflow_validator_cell.Rd:134): Warning: <h5> anchor "Returns" already defined
geoflow_validator_cell.html:250:1 (geoflow_validator_cell.Rd:143): Warning: <h5> anchor "Usage" already defined
geoflow_validator_cell.html:256:1 (geoflow_validator_cell.Rd:147): Warning: <h5> anchor "Returns" already defined
geoflow_validator_cell.html:273:1 (geoflow_validator_cell.Rd:156): Warning: <h5> anchor "Usage" already defined
geoflow_validator_cell.html:279:1 (geoflow_validator_cell.Rd:160): Warning: <h5> anchor "Returns" already defined
geoflow_validator_cell.html:296:1 (geoflow_validator_cell.Rd:169): Warning: <h5> anchor "Usage" already defined
geoflow_validator_cell.html:302:1 (geoflow_validator_cell.Rd:173): Warning: <h5> anchor "Returns" already defined
geoflow_validator_cell.html:319:1 (geoflow_validator_cell.Rd:182): Warning: <h5> anchor "Usage" already defined
geoflow_validator_cell.html:325:1 (geoflow_validator_cell.Rd:186): Warning: <h5> anchor "Returns" already defined
geoflow_validator_cell.html:342:1 (geoflow_validator_cell.Rd:195): Warning: <h5> anchor "Usage" already defined
geoflow_validator_cell.html:348:1 (geoflow_validator_cell.Rd:199): Warning: <h5> anchor "Returns" already defined
geoflow_validator_cell.html:365:1 (geoflow_validator_cell.Rd:208): Warning: <h5> anchor "Usage" already defined
geoflow_validator_cell.html:371:1 (geoflow_validator_cell.Rd:212): Warning: <h5> anchor "Arguments" already defined
geoflow_validator_contact_Identifier.html:158:1 (geoflow_validator_contact_Identifier.Rd:87): Warning: missing </ul> before </div>
geoflow_validator_contact_Identifier.html:112:1 (geoflow_validator_contact_Identifier.Rd:63): Warning: <h5> anchor "Usage" already defined
geoflow_validator_contact_Identifier.html:135:1 (geoflow_validator_contact_Identifier.Rd:76): Warning: <h5> anchor "Usage" already defined
geoflow_validator_contact_Identifier.html:141:1 (geoflow_validator_contact_Identifier.Rd:80): Warning: <h5> anchor "Arguments" already defined
geoflow_validator_contacts.html:122:1 (geoflow_validator_contacts.Rd:63): Warning: missing </ul> before </div>
geoflow_validator_contacts.html:99:1 (geoflow_validator_contacts.Rd:52): Warning: <h5> anchor "Usage" already defined
geoflow_validator_contacts.html:105:1 (geoflow_validator_contacts.Rd:56): Warning: <h5> anchor "Arguments" already defined
geoflow_validator_entities.html:122:1 (geoflow_validator_entities.Rd:63): Warning: missing </ul> before </div>
geoflow_validator_entities.html:99:1 (geoflow_validator_entities.Rd:52): Warning: <h5> anchor "Usage" already defined
geoflow_validator_entities.html:105:1 (geoflow_validator_entities.Rd:56): Warning: <h5> anchor "Arguments" already defined
geoflow_validator_entity_Creator.html:133:1 (geoflow_validator_entity_Creator.Rd:74): Warning: missing </ul> before </div>
geoflow_validator_entity_Creator.html:110:1 (geoflow_validator_entity_Creator.Rd:63): Warning: <h5> anchor "Usage" already defined
geoflow_validator_entity_Creator.html:116:1 (geoflow_validator_entity_Creator.Rd:67): Warning: <h5> anchor "Arguments" already defined
geoflow_validator_entity_Data.html:133:1 (geoflow_validator_entity_Data.Rd:74): Warning: missing </ul> before </div>
geoflow_validator_entity_Data.html:110:1 (geoflow_validator_entity_Data.Rd:63): Warning: <h5> anchor "Usage" already defined
geoflow_validator_entity_Data.html:116:1 (geoflow_validator_entity_Data.Rd:67): Warning: <h5> anchor "Arguments" already defined
geoflow_validator_entity_Date.html:158:1 (geoflow_validator_entity_Date.Rd:87): Warning: missing </ul> before </div>
geoflow_validator_entity_Date.html:112:1 (geoflow_validator_entity_Date.Rd:63): Warning: <h5> anchor "Usage" already defined
geoflow_validator_entity_Date.html:135:1 (geoflow_validator_entity_Date.Rd:76): Warning: <h5> anchor "Usage" already defined
geoflow_validator_entity_Date.html:141:1 (geoflow_validator_entity_Date.Rd:80): Warning: <h5> anchor "Arguments" already defined
geoflow_validator_entity_Description.html:133:1 (geoflow_validator_entity_Description.Rd:74): Warning: missing </ul> before </div>
geoflow_validator_entity_Description.html:110:1 (geoflow_validator_entity_Description.Rd:63): Warning: <h5> anchor "Usage" already defined
geoflow_validator_entity_Description.html:116:1 (geoflow_validator_entity_Description.Rd:67): Warning: <h5> anchor "Arguments" already defined
geoflow_validator_entity_Format.html:133:1 (geoflow_validator_entity_Format.Rd:74): Warning: missing </ul> before </div>
geoflow_validator_entity_Format.html:110:1 (geoflow_validator_entity_Format.Rd:63): Warning: <h5> anchor "Usage" already defined
geoflow_validator_entity_Format.html:116:1 (geoflow_validator_entity_Format.Rd:67): Warning: <h5> anchor "Arguments" already defined
geoflow_validator_entity_Identifier.html:159:1 (geoflow_validator_entity_Identifier.Rd:88): Warning: missing </ul> before </div>
geoflow_validator_entity_Identifier.html:113:1 (geoflow_validator_entity_Identifier.Rd:64): Warning: <h5> anchor "Usage" already defined
geoflow_validator_entity_Identifier.html:136:1 (geoflow_validator_entity_Identifier.Rd:77): Warning: <h5> anchor "Usage" already defined
geoflow_validator_entity_Identifier.html:142:1 (geoflow_validator_entity_Identifier.Rd:81): Warning: <h5> anchor "Arguments" already defined
geoflow_validator_entity_Language.html:158:1 (geoflow_validator_entity_Language.Rd:87): Warning: missing </ul> before </div>
geoflow_validator_entity_Language.html:112:1 (geoflow_validator_entity_Language.Rd:63): Warning: <h5> anchor "Usage" already defined
geoflow_validator_entity_Language.html:135:1 (geoflow_validator_entity_Language.Rd:76): Warning: <h5> anchor "Usage" already defined
geoflow_validator_entity_Language.html:141:1 (geoflow_validator_entity_Language.Rd:80): Warning: <h5> anchor "Arguments" already defined
geoflow_validator_entity_Provenance.html:158:1 (geoflow_validator_entity_Provenance.Rd:87): Warning: missing </ul> before </div>
geoflow_validator_entity_Provenance.html:112:1 (geoflow_validator_entity_Provenance.Rd:63): Warning: <h5> anchor "Usage" already defined
geoflow_validator_entity_Provenance.html:135:1 (geoflow_validator_entity_Provenance.Rd:76): Warning: <h5> anchor "Usage" already defined
geoflow_validator_entity_Provenance.html:141:1 (geoflow_validator_entity_Provenance.Rd:80): Warning: <h5> anchor "Arguments" already defined
geoflow_validator_entity_Relation.html:133:1 (geoflow_validator_entity_Relation.Rd:74): Warning: missing </ul> before </div>
geoflow_validator_entity_Relation.html:110:1 (geoflow_validator_entity_Relation.Rd:63): Warning: <h5> anchor "Usage" already defined
geoflow_validator_entity_Relation.html:116:1 (geoflow_validator_entity_Relation.Rd:67): Warning: <h5> anchor "Arguments" already defined
geoflow_validator_entity_Rights.html:133:1 (geoflow_validator_entity_Rights.Rd:74): Warning: missing </ul> before </div>
geoflow_validator_entity_Rights.html:110:1 (geoflow_validator_entity_Rights.Rd:63): Warning: <h5> anchor "Usage" already defined
geoflow_validator_entity_Rights.html:116:1 (geoflow_validator_entity_Rights.Rd:67): Warning: <h5> anchor "Arguments" already defined
geoflow_validator_entity_SpatialCoverage.html:159:1 (geoflow_validator_entity_SpatialCoverage.Rd:88): Warning: missing </ul> before </div>
geoflow_validator_entity_SpatialCoverage.html:113:1 (geoflow_validator_entity_SpatialCoverage.Rd:64): Warning: <h5> anchor "Usage" already defined
geoflow_validator_entity_SpatialCoverage.html:136:1 (geoflow_validator_entity_SpatialCoverage.Rd:77): Warning: <h5> anchor "Usage" already defined
geoflow_validator_entity_SpatialCoverage.html:142:1 (geoflow_validator_entity_SpatialCoverage.Rd:81): Warning: <h5> anchor "Arguments" already defined
geoflow_validator_entity_Subject.html:158:1 (geoflow_validator_entity_Subject.Rd:87): Warning: missing </ul> before </div>
geoflow_validator_entity_Subject.html:112:1 (geoflow_validator_entity_Subject.Rd:63): Warning: <h5> anchor "Usage" already defined
geoflow_validator_entity_Subject.html:135:1 (geoflow_validator_entity_Subject.Rd:76): Warning: <h5> anchor "Usage" already defined
geoflow_validator_entity_Subject.html:141:1 (geoflow_validator_entity_Subject.Rd:80): Warning: <h5> anchor "Arguments" already defined
geoflow_validator_entity_TemporalCoverage.html:158:1 (geoflow_validator_entity_TemporalCoverage.Rd:87): Warning: missing </ul> before </div>
geoflow_validator_entity_TemporalCoverage.html:112:1 (geoflow_validator_entity_TemporalCoverage.Rd:63): Warning: <h5> anchor "Usage" already defined
geoflow_validator_entity_TemporalCoverage.html:135:1 (geoflow_validator_entity_TemporalCoverage.Rd:76): Warning: <h5> anchor "Usage" already defined
geoflow_validator_entity_TemporalCoverage.html:141:1 (geoflow_validator_entity_TemporalCoverage.Rd:80): Warning: <h5> anchor "Arguments" already defined
geoflow_validator_entity_Title.html:133:1 (geoflow_validator_entity_Title.Rd:74): Warning: missing </ul> before </div>
geoflow_validator_entity_Title.html:110:1 (geoflow_validator_entity_Title.Rd:63): Warning: <h5> anchor "Usage" already defined
geoflow_validator_entity_Title.html:116:1 (geoflow_validator_entity_Title.Rd:67): Warning: <h5> anchor "Arguments" already defined
geoflow_validator_entity_Type.html:133:1 (geoflow_validator_entity_Type.Rd:74): Warning: missing </ul> before </div>
geoflow_validator_entity_Type.html:110:1 (geoflow_validator_entity_Type.Rd:63): Warning: <h5> anchor "Usage" already defined
geoflow_validator_entity_Type.html:116:1 (geoflow_validator_entity_Type.Rd:67): Warning: <h5> anchor "Arguments" already defined
geoflow_vocabulary.html:182:1 (geoflow_vocabulary.Rd:99): Warning: missing </ul> before </div>
geoflow_vocabulary.html:130:1 (geoflow_vocabulary.Rd:71): Warning: <h5> anchor "Usage" already defined
geoflow_vocabulary.html:136:1 (geoflow_vocabulary.Rd:75): Warning: <h5> anchor "Arguments" already defined
geoflow_vocabulary.html:159:1 (geoflow_vocabulary.Rd:88): Warning: <h5> anchor "Usage" already defined
geoflow_vocabulary.html:165:1 (geoflow_vocabulary.Rd:92): Warning: <h5> anchor "Arguments" already defined
get_locales_from.html:46:1 (get_locales_from.Rd:10): Warning: missing </ul> before </div>
set_i18n.html:58:1 (set_i18n.Rd:16): Warning: missing </ul> before </div>
set_locales_to.html:50:1 (set_locales_to.Rd:12): Warning: missing </ul> before </div>
Flavors: r-devel-linux-x86_64-debian-clang, r-devel-linux-x86_64-debian-gcc
Version: 1.0.0
Check: DESCRIPTION meta-information
Result: NOTE
Package listed in more than one of Depends, Imports, Suggests, Enhances:
‘mime’
A package should be listed in only one of these fields.
Flavors: r-oldrel-macos-arm64, r-oldrel-macos-x86_64, r-oldrel-windows-x86_64