Last updated on 2025-10-22 05:51:11 CEST.
| Flavor | Version | Tinstall | Tcheck | Ttotal | Status | Flags |
|---|---|---|---|---|---|---|
| r-devel-linux-x86_64-debian-clang | 0.0.0.2 | 2.44 | 24.54 | 26.98 | NOTE | |
| r-devel-linux-x86_64-debian-gcc | 0.0.0.2 | 1.94 | 19.78 | 21.72 | NOTE | |
| r-devel-linux-x86_64-fedora-clang | 0.0.0.2 | 38.11 | OK | |||
| r-devel-linux-x86_64-fedora-gcc | 0.0.0.2 | 36.23 | OK | |||
| r-devel-windows-x86_64 | 0.0.0.2 | 4.00 | 42.00 | 46.00 | OK | |
| r-patched-linux-x86_64 | 0.0.0.2 | 2.54 | 21.96 | 24.50 | OK | |
| r-release-linux-x86_64 | 0.0.0.2 | 2.16 | 21.89 | 24.05 | OK | |
| r-release-macos-arm64 | 0.0.0.2 | 2.00 | 17.00 | 19.00 | OK | |
| r-release-macos-x86_64 | 0.0.0.2 | 3.00 | 25.00 | 28.00 | OK | |
| r-release-windows-x86_64 | 0.0.0.2 | 5.00 | 42.00 | 47.00 | OK | |
| r-oldrel-macos-arm64 | 0.0.0.2 | 2.00 | 15.00 | 17.00 | OK | |
| r-oldrel-macos-x86_64 | 0.0.0.2 | 2.00 | 21.00 | 23.00 | OK | |
| r-oldrel-windows-x86_64 | 0.0.0.2 | 5.00 | 50.00 | 55.00 | OK |
Version: 0.0.0.2
Check: HTML version of manual
Result: NOTE
Found the following HTML validation problems:
download_gpkg.html:50:1 (download_gpkg.Rd:12): Warning: missing </ul> before </div>
download_gpkg_anp.html:50:1 (download_gpkg_anp.Rd:12): Warning: missing </ul> before </div>
load_gpkg.html:46:1 (load_gpkg.Rd:10): Warning: missing </ul> before </div>
select_data_level.html:50:1 (select_data_level.Rd:12): Warning: missing </ul> before </div>
select_data_type.html:50:1 (select_data_type.Rd:12): Warning: missing </ul> before </div>
select_metadata.html:52:1 (select_metadata.Rd:14): Warning: missing </ul> before </div>
select_metadata_anp.html:46:1 (select_metadata_anp.Rd:10): Warning: missing </ul> before </div>
Flavors: r-devel-linux-x86_64-debian-clang, r-devel-linux-x86_64-debian-gcc