Last updated on 2025-10-24 04:50:54 CEST.
| Flavor | Version | Tinstall | Tcheck | Ttotal | Status | Flags |
|---|---|---|---|---|---|---|
| r-devel-linux-x86_64-debian-clang | 1.5.9.1 | 34.41 | 264.73 | 299.14 | NOTE | |
| r-devel-linux-x86_64-debian-gcc | 1.5.9.1 | 21.09 | 169.41 | 190.50 | OK | |
| r-devel-linux-x86_64-fedora-clang | 1.5.9.1 | 202.00 | 314.71 | 516.71 | OK | |
| r-devel-linux-x86_64-fedora-gcc | 1.5.9.1 | 73.00 | 368.20 | 441.20 | OK | |
| r-devel-windows-x86_64 | 1.5.9.1 | 33.00 | 214.00 | 247.00 | OK | |
| r-patched-linux-x86_64 | 1.5.9.1 | 32.32 | 250.93 | 283.25 | OK | |
| r-release-linux-x86_64 | 1.5.9.1 | 34.85 | 251.04 | 285.89 | OK | |
| r-release-macos-arm64 | 1.5.9.1 | 14.00 | 87.00 | 101.00 | OK | |
| r-release-macos-x86_64 | 1.5.9.1 | 28.00 | 158.00 | 186.00 | OK | |
| r-release-windows-x86_64 | 1.5.9.1 | 35.00 | 215.00 | 250.00 | OK | |
| r-oldrel-macos-arm64 | 1.5.9.1 | 13.00 | 90.00 | 103.00 | OK | |
| r-oldrel-macos-x86_64 | 1.5.9.1 | 37.00 | 170.00 | 207.00 | OK | |
| r-oldrel-windows-x86_64 | 1.5.9.1 | 48.00 | 302.00 | 350.00 | OK |
Version: 1.5.9.1
Check: HTML version of manual
Result: NOTE
Found the following HTML validation problems:
write.geotop.table.html:93:1 (write.geotop.table.Rd:39): Warning: missing </ul> before </div>
Flavor: r-devel-linux-x86_64-debian-clang