Last updated on 2025-10-24 04:50:54 CEST.
| Flavor | Version | Tinstall | Tcheck | Ttotal | Status | Flags |
|---|---|---|---|---|---|---|
| r-devel-linux-x86_64-debian-clang | 1.13 | 2.27 | 21.97 | 24.24 | NOTE | |
| r-devel-linux-x86_64-debian-gcc | 1.13 | 1.68 | 18.15 | 19.83 | NOTE | |
| r-devel-linux-x86_64-fedora-clang | 1.13 | 34.31 | OK | |||
| r-devel-linux-x86_64-fedora-gcc | 1.13 | 33.00 | OK | |||
| r-devel-windows-x86_64 | 1.13 | 3.00 | 52.00 | 55.00 | OK | |
| r-patched-linux-x86_64 | 1.13 | 2.13 | 20.76 | 22.89 | OK | |
| r-release-linux-x86_64 | 1.13 | 2.06 | 20.89 | 22.95 | OK | |
| r-release-macos-arm64 | 1.13 | 1.00 | 18.00 | 19.00 | OK | |
| r-release-macos-x86_64 | 1.13 | 2.00 | 25.00 | 27.00 | OK | |
| r-release-windows-x86_64 | 1.13 | 4.00 | 47.00 | 51.00 | OK | |
| r-oldrel-macos-arm64 | 1.13 | 1.00 | 15.00 | 16.00 | OK | |
| r-oldrel-macos-x86_64 | 1.13 | 2.00 | 20.00 | 22.00 | OK | |
| r-oldrel-windows-x86_64 | 1.13 | 5.00 | 50.00 | 55.00 | OK |
Version: 1.13
Check: CRAN incoming feasibility
Result: NOTE
Maintainer: ‘Alexey Seleznev <selesnow@gmail.com>’
No Authors@R field in DESCRIPTION.
Please add one, modifying
Authors@R: person(given = "Alexey",
family = "Seleznev",
role = c("aut", "cre"),
email = "selesnow@gmail.com")
as necessary.
Flavors: r-devel-linux-x86_64-debian-clang, r-devel-linux-x86_64-debian-gcc