Last updated on 2025-07-22 08:48:32 CEST.
Flavor | Version | Tinstall | Tcheck | Ttotal | Status | Flags |
---|---|---|---|---|---|---|
r-devel-linux-x86_64-debian-clang | 0.2.0 | 3.10 | 34.42 | 37.52 | NOTE | |
r-devel-linux-x86_64-debian-gcc | 0.2.0 | 2.38 | 27.24 | 29.62 | NOTE | |
r-devel-linux-x86_64-fedora-clang | 0.2.0 | 58.01 | OK | |||
r-devel-linux-x86_64-fedora-gcc | 0.2.0 | 67.32 | OK | |||
r-devel-windows-x86_64 | 0.2.0 | 5.00 | 52.00 | 57.00 | OK | |
r-patched-linux-x86_64 | 0.2.0 | 3.23 | 32.35 | 35.58 | OK | |
r-release-linux-x86_64 | 0.2.0 | 2.85 | 31.97 | 34.82 | OK | |
r-release-macos-arm64 | 0.2.0 | 70.00 | OK | |||
r-release-macos-x86_64 | 0.2.0 | 53.00 | OK | |||
r-release-windows-x86_64 | 0.2.0 | 5.00 | 54.00 | 59.00 | OK | |
r-oldrel-macos-arm64 | 0.2.0 | 33.00 | OK | |||
r-oldrel-macos-x86_64 | 0.2.0 | 45.00 | OK | |||
r-oldrel-windows-x86_64 | 0.2.0 | 7.00 | 64.00 | 71.00 | OK |
Version: 0.2.0
Check: CRAN incoming feasibility
Result: NOTE
Maintainer: ‘Lerato E Magosi <magosil86@gmail.com>’
Package CITATION file contains call(s) to old-style personList() or
as.personList(). Please use c() on person objects instead.
Package CITATION file contains call(s) to old-style citEntry(). Please
use bibentry() instead.
Flavors: r-devel-linux-x86_64-debian-clang, r-devel-linux-x86_64-debian-gcc