Last updated on 2025-10-22 05:51:11 CEST.
Flavor | Version | Tinstall | Tcheck | Ttotal | Status | Flags |
---|---|---|---|---|---|---|
r-devel-linux-x86_64-debian-clang | 0.3.0 | 8.80 | 169.23 | 178.03 | NOTE | |
r-devel-linux-x86_64-debian-gcc | 0.3.0 | 5.81 | 106.32 | 112.13 | NOTE | |
r-devel-linux-x86_64-fedora-clang | 0.3.0 | 26.00 | 237.44 | 263.44 | NOTE | |
r-devel-linux-x86_64-fedora-gcc | 0.3.0 | 17.00 | 233.19 | 250.19 | NOTE | |
r-devel-windows-x86_64 | 0.3.0 | 10.00 | 167.00 | 177.00 | OK | |
r-patched-linux-x86_64 | 0.3.0 | 9.71 | 157.77 | 167.48 | OK | |
r-release-linux-x86_64 | 0.3.0 | 8.78 | 157.24 | 166.02 | OK | |
r-release-macos-arm64 | 0.3.0 | 4.00 | 68.00 | 72.00 | OK | |
r-release-macos-x86_64 | 0.3.0 | 9.00 | 161.00 | 170.00 | OK | |
r-release-windows-x86_64 | 0.3.0 | 10.00 | 174.00 | 184.00 | OK | |
r-oldrel-macos-arm64 | 0.3.0 | 4.00 | 69.00 | 73.00 | OK | |
r-oldrel-macos-x86_64 | 0.3.0 | 8.00 | 169.00 | 177.00 | OK | |
r-oldrel-windows-x86_64 | 0.3.0 | 14.00 | 234.00 | 248.00 | OK |
Version: 0.3.0
Check: HTML version of manual
Result: NOTE
Found the following HTML validation problems:
example_many_sequences.html:75:1 (example_many_sequences.Rd:23): Warning: missing </ul> before </div>
fastq_quality_scores.html:67:1 (fastq_quality_scores.Rd:14): Warning: missing </ul> before </div>
sequence_colour_palettes.html:65:1 (sequence_colour_palettes.Rd:18): Warning: missing </ul> before </div>
Flavors: r-devel-linux-x86_64-debian-clang, r-devel-linux-x86_64-debian-gcc
Version: 0.3.0
Check: dependencies in R code
Result: NOTE
Namespace in Imports field not imported from: ‘png’
All declared Imports should be used.
Flavors: r-devel-linux-x86_64-fedora-clang, r-devel-linux-x86_64-fedora-gcc