Last updated on 2025-10-22 05:51:11 CEST.
Flavor | Version | Tinstall | Tcheck | Ttotal | Status | Flags |
---|---|---|---|---|---|---|
r-devel-linux-x86_64-debian-clang | 1.3.2 | 17.51 | 1423.48 | 1440.99 | NOTE | |
r-devel-linux-x86_64-debian-gcc | 1.3.2 | 10.75 | 888.98 | 899.73 | NOTE | |
r-devel-linux-x86_64-fedora-clang | 1.3.2 | 66.00 | 2214.89 | 2280.89 | OK | |
r-devel-linux-x86_64-fedora-gcc | 1.3.2 | 35.00 | 2086.76 | 2121.76 | OK | |
r-devel-windows-x86_64 | 1.3.2 | 19.00 | 991.00 | 1010.00 | OK | |
r-patched-linux-x86_64 | 1.3.2 | 17.38 | 1332.21 | 1349.59 | OK | |
r-release-linux-x86_64 | 1.3.2 | 15.26 | 1341.87 | 1357.13 | OK | |
r-release-macos-arm64 | 1.3.2 | 7.00 | 276.00 | 283.00 | OK | |
r-release-macos-x86_64 | 1.3.2 | 17.00 | 657.00 | 674.00 | OK | |
r-release-windows-x86_64 | 1.3.2 | 20.00 | 967.00 | 987.00 | OK | |
r-oldrel-macos-arm64 | 1.3.2 | 6.00 | 261.00 | 267.00 | NOTE | |
r-oldrel-macos-x86_64 | 1.3.2 | 15.00 | 579.00 | 594.00 | NOTE | |
r-oldrel-windows-x86_64 | 1.3.2 | 25.00 | 1315.00 | 1340.00 | NOTE |
Version: 1.3.2
Check: HTML version of manual
Result: NOTE
Found the following HTML validation problems:
check_shrink.html:46:1 (check_shrink.Rd:10): Warning: missing </ul> before </div>
pk_pd.html:46:1 (pk_pd.Rd:10): Warning: missing </ul> before </div>
pmx_manual_nm_import.html:62:1 (pmx_manual_nm_import.Rd:22): Warning: missing </ul> before </div>
pmx_register_plot.html:54:1 (pmx_register_plot.Rd:14): Warning: missing </ul> before </div>
Flavors: r-devel-linux-x86_64-debian-clang, r-devel-linux-x86_64-debian-gcc
Version: 1.3.2
Check: package dependencies
Result: NOTE
Package suggested but not available for checking: ‘lixoftConnectors’
Flavors: r-oldrel-macos-arm64, r-oldrel-macos-x86_64, r-oldrel-windows-x86_64
Version: 1.3.2
Check: installed package size
Result: NOTE
installed size is 6.9Mb
sub-directories of 1Mb or more:
help 2.4Mb
testdata 3.0Mb
Flavors: r-oldrel-macos-arm64, r-oldrel-macos-x86_64, r-oldrel-windows-x86_64