Last updated on 2025-10-24 04:50:54 CEST.
| Flavor | Version | Tinstall | Tcheck | Ttotal | Status | Flags |
|---|---|---|---|---|---|---|
| r-devel-linux-x86_64-debian-clang | 0.1.5 | 4.41 | 35.22 | 39.63 | OK | |
| r-devel-linux-x86_64-debian-gcc | 0.1.5 | 3.59 | 27.08 | 30.67 | OK | |
| r-devel-linux-x86_64-fedora-clang | 0.1.5 | 12.00 | 47.28 | 59.28 | NOTE | |
| r-devel-linux-x86_64-fedora-gcc | 0.1.5 | 53.31 | NOTE | |||
| r-devel-windows-x86_64 | 0.1.5 | 7.00 | 52.00 | 59.00 | OK | |
| r-patched-linux-x86_64 | 0.1.5 | 4.05 | 31.44 | 35.49 | OK | |
| r-release-linux-x86_64 | 0.1.5 | 3.98 | 31.13 | 35.11 | OK | |
| r-release-macos-arm64 | 0.1.5 | 2.00 | 20.00 | 22.00 | OK | |
| r-release-macos-x86_64 | 0.1.5 | 3.00 | 27.00 | 30.00 | OK | |
| r-release-windows-x86_64 | 0.1.5 | 7.00 | 53.00 | 60.00 | OK | |
| r-oldrel-macos-arm64 | 0.1.5 | 2.00 | 19.00 | 21.00 | NOTE | |
| r-oldrel-macos-x86_64 | 0.1.5 | 3.00 | 24.00 | 27.00 | NOTE | |
| r-oldrel-windows-x86_64 | 0.1.5 | 9.00 | 60.00 | 69.00 | NOTE |
Version: 0.1.5
Check: dependencies in R code
Result: NOTE
Namespace in Imports field not imported from: ‘dplyr’
All declared Imports should be used.
Flavors: r-devel-linux-x86_64-fedora-clang, r-devel-linux-x86_64-fedora-gcc
Version: 0.1.5
Check: LazyData
Result: NOTE
'LazyData' is specified without a 'data' directory
Flavors: r-oldrel-macos-arm64, r-oldrel-macos-x86_64, r-oldrel-windows-x86_64