Last updated on 2025-10-24 04:50:54 CEST.
| Flavor | Version | Tinstall | Tcheck | Ttotal | Status | Flags |
|---|---|---|---|---|---|---|
| r-devel-linux-x86_64-debian-clang | 1.0.2 | 6.44 | 82.38 | 88.82 | NOTE | |
| r-devel-linux-x86_64-debian-gcc | 1.0.2 | 4.44 | 57.78 | 62.22 | NOTE | |
| r-devel-linux-x86_64-fedora-clang | 1.0.2 | 17.00 | 104.18 | 121.18 | NOTE | |
| r-devel-linux-x86_64-fedora-gcc | 1.0.2 | 14.00 | 117.55 | 131.55 | NOTE | |
| r-devel-windows-x86_64 | 1.0.2 | 8.00 | 86.00 | 94.00 | NOTE | |
| r-patched-linux-x86_64 | 1.0.2 | 6.47 | 71.65 | 78.12 | NOTE | |
| r-release-linux-x86_64 | 1.0.2 | 6.29 | 71.22 | 77.51 | NOTE | |
| r-release-macos-arm64 | 1.0.2 | 4.00 | 59.00 | 63.00 | NOTE | |
| r-release-macos-x86_64 | 1.0.2 | 5.00 | 62.00 | 67.00 | NOTE | |
| r-release-windows-x86_64 | 1.0.2 | 9.00 | 85.00 | 94.00 | NOTE | |
| r-oldrel-macos-arm64 | 1.0.2 | 3.00 | 35.00 | 38.00 | NOTE | |
| r-oldrel-macos-x86_64 | 1.0.2 | 5.00 | 51.00 | 56.00 | NOTE | |
| r-oldrel-windows-x86_64 | 1.0.2 | 12.00 | 107.00 | 119.00 | NOTE |
Version: 1.0.2
Check: package subdirectories
Result: NOTE
Problems with news in ‘NEWS.md’:
Cannot extract version info from the following section titles:
Win CRAN check results - R Windows
Flavors: r-devel-linux-x86_64-debian-clang, r-devel-linux-x86_64-debian-gcc, r-devel-linux-x86_64-fedora-clang, r-devel-linux-x86_64-fedora-gcc, r-devel-windows-x86_64, r-patched-linux-x86_64, r-release-linux-x86_64, r-release-macos-arm64, r-release-macos-x86_64, r-release-windows-x86_64, r-oldrel-macos-arm64, r-oldrel-macos-x86_64, r-oldrel-windows-x86_64