Last updated on 2025-07-21 08:50:03 CEST.
Flavor | Version | Tinstall | Tcheck | Ttotal | Status | Flags |
---|---|---|---|---|---|---|
r-devel-linux-x86_64-debian-clang | 0.3.2 | 8.48 | 108.13 | 116.61 | NOTE | |
r-devel-linux-x86_64-debian-gcc | 0.3.2 | 6.11 | 76.12 | 82.23 | NOTE | |
r-devel-linux-x86_64-fedora-clang | 0.3.2 | 165.47 | OK | |||
r-devel-linux-x86_64-fedora-gcc | 0.3.2 | 176.45 | OK | |||
r-devel-windows-x86_64 | 0.3.2 | 9.00 | 109.00 | 118.00 | NOTE | |
r-patched-linux-x86_64 | 0.3.2 | 8.54 | 100.13 | 108.67 | NOTE | |
r-release-linux-x86_64 | 0.3.2 | 8.33 | 99.52 | 107.85 | NOTE | |
r-release-macos-arm64 | 0.3.2 | 64.00 | OK | |||
r-release-macos-x86_64 | 0.3.2 | 98.00 | OK | |||
r-release-windows-x86_64 | 0.3.2 | 11.00 | 109.00 | 120.00 | NOTE | |
r-oldrel-macos-arm64 | 0.3.2 | 51.00 | OK | |||
r-oldrel-macos-x86_64 | 0.3.2 | 83.00 | OK | |||
r-oldrel-windows-x86_64 | 0.3.2 | 13.00 | 144.00 | 157.00 | OK |
Version: 0.3.2
Check: Rd cross-references
Result: NOTE
Found the following Rd file(s) with Rd \link{} targets missing package
anchors:
stat_automap.Rd: cartographer
stat_automap_coords.Rd: cartographer
Please provide package anchors for all Rd \link{} targets not in the
package itself and the base packages.
Flavors: r-devel-linux-x86_64-debian-clang, r-devel-linux-x86_64-debian-gcc, r-devel-windows-x86_64, r-patched-linux-x86_64, r-release-linux-x86_64, r-release-windows-x86_64