Last updated on 2025-10-24 04:50:54 CEST.
| Flavor | Version | Tinstall | Tcheck | Ttotal | Status | Flags |
|---|---|---|---|---|---|---|
| r-devel-linux-x86_64-debian-clang | 0.1.2 | 5.07 | 56.16 | 61.23 | NOTE | |
| r-devel-linux-x86_64-debian-gcc | 0.1.2 | 3.72 | 41.83 | 45.55 | OK | |
| r-devel-linux-x86_64-fedora-clang | 0.1.2 | 15.00 | 73.71 | 88.71 | OK | |
| r-devel-linux-x86_64-fedora-gcc | 0.1.2 | 10.00 | 70.03 | 80.03 | OK | |
| r-devel-windows-x86_64 | 0.1.2 | 8.00 | 64.00 | 72.00 | OK | |
| r-patched-linux-x86_64 | 0.1.2 | 4.83 | 51.38 | 56.21 | OK | |
| r-release-linux-x86_64 | 0.1.2 | 5.26 | 51.10 | 56.36 | OK | |
| r-release-macos-arm64 | 0.1.2 | 3.00 | 19.00 | 22.00 | OK | |
| r-release-macos-x86_64 | 0.1.2 | 5.00 | 40.00 | 45.00 | OK | |
| r-release-windows-x86_64 | 0.1.2 | 7.00 | 65.00 | 72.00 | OK | |
| r-oldrel-macos-arm64 | 0.1.2 | 2.00 | 24.00 | 26.00 | OK | |
| r-oldrel-macos-x86_64 | 0.1.2 | 4.00 | 43.00 | 47.00 | OK | |
| r-oldrel-windows-x86_64 | 0.1.2 | 10.00 | 81.00 | 91.00 | OK |
Version: 0.1.2
Check: HTML version of manual
Result: NOTE
Found the following HTML validation problems:
dot-coordCorrection.html:100:1 (dot-coordCorrection.Rd:43): Warning: missing </ul> before </div>
dot-seekBrace.html:68:1 (dot-seekBrace.Rd:21): Warning: missing </ul> before </div>
Flavor: r-devel-linux-x86_64-debian-clang