Last updated on 2025-10-22 05:51:11 CEST.
Flavor | Version | Tinstall | Tcheck | Ttotal | Status | Flags |
---|---|---|---|---|---|---|
r-devel-linux-x86_64-debian-clang | 0.5.0 | 6.18 | 92.34 | 98.52 | NOTE | |
r-devel-linux-x86_64-debian-gcc | 0.5.0 | 4.16 | 65.57 | 69.73 | NOTE | |
r-devel-linux-x86_64-fedora-clang | 0.5.0 | 13.00 | 129.09 | 142.09 | OK | |
r-devel-linux-x86_64-fedora-gcc | 0.5.0 | 13.00 | 135.81 | 148.81 | OK | |
r-devel-windows-x86_64 | 0.5.0 | 8.00 | 85.00 | 93.00 | OK | |
r-patched-linux-x86_64 | 0.5.0 | 5.32 | 86.51 | 91.83 | OK | |
r-release-linux-x86_64 | 0.5.0 | 5.90 | 87.07 | 92.97 | OK | |
r-release-macos-arm64 | 0.5.0 | 3.00 | 35.00 | 38.00 | OK | |
r-release-macos-x86_64 | 0.5.0 | 5.00 | 65.00 | 70.00 | OK | |
r-release-windows-x86_64 | 0.5.0 | 8.00 | 86.00 | 94.00 | OK | |
r-oldrel-macos-arm64 | 0.5.0 | 3.00 | 36.00 | 39.00 | OK | |
r-oldrel-macos-x86_64 | 0.5.0 | 4.00 | 55.00 | 59.00 | OK | |
r-oldrel-windows-x86_64 | 0.5.0 | 11.00 | 114.00 | 125.00 | OK |
Version: 0.5.0
Check: CRAN incoming feasibility
Result: NOTE
Maintainer: ‘Kyla Belisario <kyla_belisario@protonmail.com>’
No Authors@R field in DESCRIPTION.
Please add one, modifying
Authors@R: person(given = "Kyla",
family = "Belisario",
role = c("aut", "cre"),
email = "kyla_belisario@protonmail.com")
as necessary.
Flavors: r-devel-linux-x86_64-debian-clang, r-devel-linux-x86_64-debian-gcc