CRAN Package Check Results for Package ggenealogy

Last updated on 2025-10-22 05:51:11 CEST.

Flavor Version Tinstall Tcheck Ttotal Status Flags
r-devel-linux-x86_64-debian-clang 1.0.3 3.68 173.89 177.57 NOTE
r-devel-linux-x86_64-debian-gcc 1.0.3 2.13 105.05 107.18 NOTE
r-devel-linux-x86_64-fedora-clang 1.0.3 11.00 262.55 273.55 OK
r-devel-linux-x86_64-fedora-gcc 1.0.3 289.96 OK
r-devel-windows-x86_64 1.0.3 5.00 179.00 184.00 OK
r-patched-linux-x86_64 1.0.3 2.81 166.56 169.37 OK
r-release-linux-x86_64 1.0.3 3.62 167.08 170.70 OK
r-release-macos-arm64 1.0.3 1.00 91.00 92.00 OK
r-release-macos-x86_64 1.0.3 3.00 172.00 175.00 OK
r-release-windows-x86_64 1.0.3 6.00 182.00 188.00 OK
r-oldrel-macos-arm64 1.0.3 2.00 74.00 76.00 OK
r-oldrel-macos-x86_64 1.0.3 3.00 131.00 134.00 OK
r-oldrel-windows-x86_64 1.0.3 7.00 252.00 259.00 OK

Check Details

Version: 1.0.3
Check: CRAN incoming feasibility
Result: NOTE Maintainer: ‘Lindsay Rutter <ggenealogypackage@gmail.com>’ No Authors@R field in DESCRIPTION. Please add one, modifying Authors@R: c(person(given = "Lindsay", family = "Rutter", role = c("aut", "cre"), email = "ggenealogypackage@gmail.com"), person(given = "Susan", family = "Vanderplas", role = "aut"), person(given = "Di", family = "Cook", role = "aut")) as necessary. Flavors: r-devel-linux-x86_64-debian-clang, r-devel-linux-x86_64-debian-gcc

Version: 1.0.3
Check: HTML version of manual
Result: NOTE Found the following HTML validation problems: buildPathDF.html:67:1 (buildPathDF.Rd:16): Warning: missing </ul> before </div> getPathOnly.html:70:1 (getPathOnly.Rd:20): Warning: missing </ul> before </div> nodeToDF.html:61:1 (nodeToDF.Rd:16): Warning: missing </ul> before </div> Flavors: r-devel-linux-x86_64-debian-clang, r-devel-linux-x86_64-debian-gcc