Last updated on 2025-10-22 05:51:11 CEST.
Flavor | Version | Tinstall | Tcheck | Ttotal | Status | Flags |
---|---|---|---|---|---|---|
r-devel-linux-x86_64-debian-clang | 0.9.2 | 71.72 | 209.59 | 281.31 | NOTE | |
r-devel-linux-x86_64-debian-gcc | 0.9.2 | 47.12 | 143.24 | 190.36 | NOTE | |
r-devel-linux-x86_64-fedora-clang | 0.9.2 | 194.00 | 287.26 | 481.26 | OK | |
r-devel-linux-x86_64-fedora-gcc | 0.9.2 | 154.00 | 261.77 | 415.77 | OK | |
r-devel-windows-x86_64 | 0.9.2 | 97.00 | 227.00 | 324.00 | OK | |
r-patched-linux-x86_64 | 0.9.2 | 72.28 | 204.01 | 276.29 | OK | |
r-release-linux-x86_64 | 0.9.2 | 69.68 | 201.42 | 271.10 | OK | |
r-release-macos-arm64 | 0.9.2 | 27.00 | 108.00 | 135.00 | OK | |
r-release-macos-x86_64 | 0.9.2 | 39.00 | 278.00 | 317.00 | OK | |
r-release-windows-x86_64 | 0.9.2 | 92.00 | 237.00 | 329.00 | OK | |
r-oldrel-macos-arm64 | 0.9.2 | 26.00 | 121.00 | 147.00 | NOTE | |
r-oldrel-macos-x86_64 | 0.9.2 | 35.00 | 268.00 | 303.00 | NOTE | |
r-oldrel-windows-x86_64 | 0.9.2 | 117.00 | 311.00 | 428.00 | OK |
Version: 0.9.2
Check: HTML version of manual
Result: NOTE
Found the following HTML validation problems:
ggiraph.html:49:1 (ggiraph.Rd:10): Warning: missing </ul> before </div>
ggiraphOutput.html:49:1 (ggiraphOutput.Rd:10): Warning: missing </ul> before </div>
renderGirafe.html:60:1 (renderGirafe.Rd:17): Warning: missing </ul> before </div>
renderggiraph.html:49:1 (renderggiraph.Rd:10): Warning: missing </ul> before </div>
run_girafe_example.html:48:1 (run_girafe_example.Rd:12): Warning: missing </ul> before </div>
Flavors: r-devel-linux-x86_64-debian-clang, r-devel-linux-x86_64-debian-gcc
Version: 0.9.2
Check: installed package size
Result: NOTE
installed size is 6.6Mb
sub-directories of 1Mb or more:
libs 4.2Mb
Flavors: r-oldrel-macos-arm64, r-oldrel-macos-x86_64