Last updated on 2025-10-24 04:50:54 CEST.
| Flavor | Version | Tinstall | Tcheck | Ttotal | Status | Flags |
|---|---|---|---|---|---|---|
| r-devel-linux-x86_64-debian-clang | 0.1.3 | 9.57 | 80.07 | 89.64 | NOTE | |
| r-devel-linux-x86_64-debian-gcc | 0.1.3 | 6.58 | 55.03 | 61.61 | OK | |
| r-devel-linux-x86_64-fedora-clang | 0.1.3 | 52.00 | 91.50 | 143.50 | NOTE | |
| r-devel-linux-x86_64-fedora-gcc | 0.1.3 | 20.00 | 110.74 | 130.74 | NOTE | |
| r-devel-windows-x86_64 | 0.1.3 | 13.00 | 85.00 | 98.00 | OK | |
| r-patched-linux-x86_64 | 0.1.3 | 9.05 | 71.11 | 80.16 | OK | |
| r-release-linux-x86_64 | 0.1.3 | 7.48 | 71.31 | 78.79 | OK | |
| r-release-macos-arm64 | 0.1.3 | 3.00 | 36.00 | 39.00 | OK | |
| r-release-macos-x86_64 | 0.1.3 | 7.00 | 69.00 | 76.00 | OK | |
| r-release-windows-x86_64 | 0.1.3 | 12.00 | 86.00 | 98.00 | OK | |
| r-oldrel-macos-arm64 | 0.1.3 | 3.00 | 34.00 | 37.00 | NOTE | |
| r-oldrel-macos-x86_64 | 0.1.3 | 5.00 | 58.00 | 63.00 | NOTE | |
| r-oldrel-windows-x86_64 | 0.1.3 | 15.00 | 107.00 | 122.00 | NOTE |
Version: 0.1.3
Check: HTML version of manual
Result: NOTE
Found the following HTML validation problems:
textFunction.html:67:1 (textFunction.Rd:21): Warning: missing </ul> before </div>
Flavor: r-devel-linux-x86_64-debian-clang
Version: 0.1.3
Check: dependencies in R code
Result: NOTE
Namespaces in Imports field not imported from:
‘gcookbook’ ‘ggthemes’ ‘moonBook’ ‘tidyverse’
All declared Imports should be used.
Flavors: r-devel-linux-x86_64-fedora-clang, r-devel-linux-x86_64-fedora-gcc
Version: 0.1.3
Check: LazyData
Result: NOTE
'LazyData' is specified without a 'data' directory
Flavors: r-oldrel-macos-arm64, r-oldrel-macos-x86_64, r-oldrel-windows-x86_64