Last updated on 2025-10-22 05:51:11 CEST.
Flavor | Version | Tinstall | Tcheck | Ttotal | Status | Flags |
---|---|---|---|---|---|---|
r-devel-linux-x86_64-debian-clang | 1.0.7 | 7.86 | 252.52 | 260.38 | NOTE | |
r-devel-linux-x86_64-debian-gcc | 1.0.7 | 5.55 | 172.99 | 178.54 | NOTE | |
r-devel-linux-x86_64-fedora-clang | 1.0.7 | 49.00 | 370.12 | 419.12 | OK | |
r-devel-linux-x86_64-fedora-gcc | 1.0.7 | 16.00 | 362.11 | 378.11 | OK | |
r-devel-windows-x86_64 | 1.0.7 | 10.00 | 221.00 | 231.00 | OK | |
r-patched-linux-x86_64 | 1.0.7 | 8.55 | 240.19 | 248.74 | OK | |
r-release-linux-x86_64 | 1.0.7 | 7.15 | 238.53 | 245.68 | OK | |
r-release-macos-arm64 | 1.0.7 | 3.00 | 86.00 | 89.00 | OK | |
r-release-macos-x86_64 | 1.0.7 | 7.00 | 175.00 | 182.00 | OK | |
r-release-windows-x86_64 | 1.0.7 | 11.00 | 220.00 | 231.00 | OK | |
r-oldrel-macos-arm64 | 1.0.7 | 3.00 | 91.00 | 94.00 | OK | |
r-oldrel-macos-x86_64 | 1.0.7 | 7.00 | 185.00 | 192.00 | OK | |
r-oldrel-windows-x86_64 | 1.0.7 | 13.00 | 301.00 | 314.00 | OK |
Version: 1.0.7
Check: HTML version of manual
Result: NOTE
Found the following HTML validation problems:
draw_prism_bracket.html:97:1 (draw_prism_bracket.Rd:45): Warning: missing </ul> before </div>
draw_prism_minor.html:89:1 (draw_prism_minor.Rd:39): Warning: missing </ul> before </div>
draw_prism_offset.html:84:1 (draw_prism_offset.Rd:36): Warning: missing </ul> before </div>
draw_prism_offset_minor.html:89:1 (draw_prism_offset_minor.Rd:39): Warning: missing </ul> before </div>
Flavors: r-devel-linux-x86_64-debian-clang, r-devel-linux-x86_64-debian-gcc