Last updated on 2025-10-22 05:51:11 CEST.
Flavor | Version | Tinstall | Tcheck | Ttotal | Status | Flags |
---|---|---|---|---|---|---|
r-devel-linux-x86_64-debian-clang | 0.3.17 | 15.93 | 402.95 | 418.88 | NOTE | |
r-devel-linux-x86_64-debian-gcc | 0.3.17 | 12.31 | 268.36 | 280.67 | NOTE | |
r-devel-linux-x86_64-fedora-clang | 0.3.17 | 50.00 | 575.82 | 625.82 | OK | |
r-devel-linux-x86_64-fedora-gcc | 0.3.17 | 37.00 | 547.84 | 584.84 | OK | |
r-devel-windows-x86_64 | 0.3.17 | 17.00 | 402.00 | 419.00 | OK | |
r-patched-linux-x86_64 | 0.3.17 | 19.35 | 383.69 | 403.04 | OK | |
r-release-linux-x86_64 | 0.3.17 | 14.72 | 382.44 | 397.16 | OK | |
r-release-macos-arm64 | 0.3.17 | 7.00 | 143.00 | 150.00 | OK | |
r-release-macos-x86_64 | 0.3.17 | 17.00 | 267.00 | 284.00 | OK | |
r-release-windows-x86_64 | 0.3.17 | 20.00 | 413.00 | 433.00 | OK | |
r-oldrel-macos-arm64 | 0.3.17 | 7.00 | 137.00 | 144.00 | OK | |
r-oldrel-macos-x86_64 | 0.3.17 | 16.00 | 284.00 | 300.00 | OK | |
r-oldrel-windows-x86_64 | 0.3.17 | 25.00 | 486.00 | 511.00 | OK |
Version: 0.3.17
Check: HTML version of manual
Result: NOTE
Found the following HTML validation problems:
apply_normalization.html:51:1 (apply_normalization.Rd:13): Warning: missing </ul> before </div>
check_idfactor_arg.html:55:1 (check_idfactor_arg.Rd:15): Warning: missing </ul> before </div>
subtitle_spct.generic_spct.html:65:1 (subtitle_spct.generic_spct.Rd:22): Warning: missing </ul> before </div>
title_spct.html:55:1 (title_spct.Rd:14): Warning: missing </ul> before </div>
Flavors: r-devel-linux-x86_64-debian-clang, r-devel-linux-x86_64-debian-gcc