Last updated on 2025-10-22 05:51:11 CEST.
Flavor | Version | Tinstall | Tcheck | Ttotal | Status | Flags |
---|---|---|---|---|---|---|
r-devel-linux-x86_64-debian-clang | 0.11.0 | 8.27 | 351.75 | 360.02 | NOTE | |
r-devel-linux-x86_64-debian-gcc | 0.11.0 | 6.58 | 238.74 | 245.32 | NOTE | |
r-devel-linux-x86_64-fedora-clang | 0.11.0 | 39.00 | 545.99 | 584.99 | OK | |
r-devel-linux-x86_64-fedora-gcc | 0.11.0 | 20.00 | 527.12 | 547.12 | OK | |
r-devel-windows-x86_64 | 0.11.0 | 10.00 | 315.00 | 325.00 | OK | |
r-patched-linux-x86_64 | 0.11.0 | 9.15 | 337.78 | 346.93 | OK | |
r-release-linux-x86_64 | 0.11.0 | 8.30 | 340.02 | 348.32 | OK | |
r-release-macos-arm64 | 0.11.0 | 3.00 | 144.00 | 147.00 | OK | |
r-release-macos-x86_64 | 0.11.0 | 6.00 | 341.00 | 347.00 | OK | |
r-release-windows-x86_64 | 0.11.0 | 11.00 | 318.00 | 329.00 | OK | |
r-oldrel-macos-arm64 | 0.11.0 | 4.00 | 144.00 | 148.00 | OK | |
r-oldrel-macos-x86_64 | 0.11.0 | 8.00 | 352.00 | 360.00 | OK | |
r-oldrel-windows-x86_64 | 0.11.0 | 14.00 | 423.00 | 437.00 | OK |
Version: 0.11.0
Check: HTML version of manual
Result: NOTE
Found the following HTML validation problems:
ggcoef_multicomponents.html:240:1 (ggcoef_multicomponents.Rd:151): Warning: missing </ul> before </div>
Flavors: r-devel-linux-x86_64-debian-clang, r-devel-linux-x86_64-debian-gcc