Last updated on 2025-10-22 05:51:11 CEST.
Flavor | Version | Tinstall | Tcheck | Ttotal | Status | Flags |
---|---|---|---|---|---|---|
r-devel-linux-x86_64-debian-clang | 0.1.2 | 7.89 | 89.26 | 97.15 | NOTE | |
r-devel-linux-x86_64-debian-gcc | 0.1.2 | 4.66 | 63.41 | 68.07 | NOTE | |
r-devel-linux-x86_64-fedora-clang | 0.1.2 | 24.00 | 130.26 | 154.26 | OK | |
r-devel-linux-x86_64-fedora-gcc | 0.1.2 | 15.00 | 137.33 | 152.33 | OK | |
r-devel-windows-x86_64 | 0.1.2 | 10.00 | 91.00 | 101.00 | OK | |
r-patched-linux-x86_64 | 0.1.2 | 7.72 | 84.03 | 91.75 | OK | |
r-release-linux-x86_64 | 0.1.2 | 7.54 | 85.33 | 92.87 | OK | |
r-release-macos-arm64 | 0.1.2 | 4.00 | 37.00 | 41.00 | OK | |
r-release-macos-x86_64 | 0.1.2 | 6.00 | 68.00 | 74.00 | OK | |
r-release-windows-x86_64 | 0.1.2 | 10.00 | 92.00 | 102.00 | OK | |
r-oldrel-macos-arm64 | 0.1.2 | 3.00 | 42.00 | 45.00 | OK | |
r-oldrel-macos-x86_64 | 0.1.2 | 5.00 | 74.00 | 79.00 | OK | |
r-oldrel-windows-x86_64 | 0.1.2 | 14.00 | 120.00 | 134.00 | OK |
Version: 0.1.2
Check: HTML version of manual
Result: NOTE
Found the following HTML validation problems:
theme_white_f.html:52:1 (theme_white_f.Rd:13): Warning: missing </ul> before </div>
Flavors: r-devel-linux-x86_64-debian-clang, r-devel-linux-x86_64-debian-gcc