Last updated on 2025-10-22 05:51:11 CEST.
Flavor | Version | Tinstall | Tcheck | Ttotal | Status | Flags |
---|---|---|---|---|---|---|
r-devel-linux-x86_64-debian-clang | 0.0.7 | 8.26 | 101.86 | 110.12 | NOTE | |
r-devel-linux-x86_64-debian-gcc | 0.0.7 | 5.04 | 71.53 | 76.57 | NOTE | |
r-devel-linux-x86_64-fedora-clang | 0.0.7 | 41.00 | 138.15 | 179.15 | OK | |
r-devel-linux-x86_64-fedora-gcc | 0.0.7 | 27.00 | 157.84 | 184.84 | OK | |
r-devel-windows-x86_64 | 0.0.7 | 9.00 | 97.00 | 106.00 | OK | |
r-patched-linux-x86_64 | 0.0.7 | 7.43 | 94.31 | 101.74 | OK | |
r-release-linux-x86_64 | 0.0.7 | 6.72 | 95.18 | 101.90 | OK | |
r-release-macos-arm64 | 0.0.7 | 3.00 | 38.00 | 41.00 | OK | |
r-release-macos-x86_64 | 0.0.7 | 5.00 | 76.00 | 81.00 | OK | |
r-release-windows-x86_64 | 0.0.7 | 11.00 | 95.00 | 106.00 | OK | |
r-oldrel-macos-arm64 | 0.0.7 | 3.00 | 45.00 | 48.00 | OK | |
r-oldrel-macos-x86_64 | 0.0.7 | 5.00 | 87.00 | 92.00 | OK | |
r-oldrel-windows-x86_64 | 0.0.7 | 11.00 | 127.00 | 138.00 | OK |
Version: 0.0.7
Check: HTML version of manual
Result: NOTE
Found the following HTML validation problems:
cnetplot.html:131:1 (cnetplot.Rd:69): Warning: missing </ul> before </div>
Flavors: r-devel-linux-x86_64-debian-clang, r-devel-linux-x86_64-debian-gcc